CRAN Package Check Results for Package float

Last updated on 2022-01-24 03:51:31 CET.

Flavor Version Tinstall Tcheck Ttotal Status Flags
r-devel-linux-x86_64-debian-clang 0.2-6 94.98 88.78 183.76 OK
r-devel-linux-x86_64-debian-gcc 0.2-6 80.99 68.92 149.91 OK
r-devel-linux-x86_64-fedora-clang 0.2-6 252.10 NOTE
r-devel-linux-x86_64-fedora-gcc 0.2-6 240.18 OK
r-devel-windows-x86_64-new-UL 0.2-6 217.00 151.00 368.00 NOTE
r-devel-windows-x86_64-new-TK 0.2-6 OK
r-patched-linux-x86_64 0.2-6 93.08 86.74 179.82 OK
r-release-linux-x86_64 0.2-6 91.08 85.42 176.50 OK
r-release-macos-arm64 0.2-6 NOTE
r-release-macos-x86_64 0.2-6 NOTE
r-release-windows-ix86+x86_64 0.2-6 129.00 127.00 256.00 NOTE
r-oldrel-macos-x86_64 0.2-6 NOTE
r-oldrel-windows-ix86+x86_64 0.2-6 141.00 130.00 271.00 NOTE

Check Details

Version: 0.2-6
Check: installed package size
Result: NOTE
     installed size is 12.8Mb
     sub-directories of 1Mb or more:
     libs 11.8Mb
Flavors: r-devel-linux-x86_64-fedora-clang, r-devel-windows-x86_64-new-UL, r-release-macos-arm64, r-release-macos-x86_64, r-release-windows-ix86+x86_64, r-oldrel-macos-x86_64, r-oldrel-windows-ix86+x86_64