CRAN Package Check Results for Package foghorn

Last updated on 2021-10-21 13:53:33 CEST.

Flavor Version Tinstall Tcheck Ttotal Status Flags
r-devel-linux-x86_64-debian-clang 1.4.2 5.12 43.03 48.15 ERROR
r-devel-linux-x86_64-debian-gcc 1.4.2 3.95 37.23 41.18 OK
r-devel-linux-x86_64-fedora-clang 1.4.2 74.82 OK
r-devel-linux-x86_64-fedora-gcc 1.4.2 61.33 OK
r-devel-windows-x86_64 1.4.2 10.00 75.00 85.00 OK
r-devel-windows-x86_64-gcc10-UCRT 1.4.2 OK
r-patched-linux-x86_64 1.4.2 5.23 45.65 50.88 OK
r-patched-solaris-x86 1.4.2 86.70 OK
r-release-linux-x86_64 1.4.2 3.93 45.35 49.28 OK
r-release-macos-arm64 1.4.2 OK
r-release-macos-x86_64 1.4.2 OK
r-release-windows-ix86+x86_64 1.4.2 8.00 67.00 75.00 OK
r-oldrel-macos-x86_64 1.4.2 OK
r-oldrel-windows-ix86+x86_64 1.4.2 11.00 70.00 81.00 OK

Check Details

Version: 1.4.2
Check: examples
Result: ERROR
    Running examples in 'foghorn-Ex.R' failed
    The error most likely occurred in:
    
    > base::assign(".ptime", proc.time(), pos = "CheckExEnv")
    > ### Name: cran_results
    > ### Title: Table of the CRAN check results
    > ### Aliases: cran_results
    >
    > ### ** Examples
    >
    > if (curl::has_internet()) {
    + cran_results(pkg="MASS")
    + }
    Warning in .Internal(gc(verbose, reset, full)) :
     closing unused connection 3 (https://cloud.r-project.org/web/checks/check_results_MASS.html)
    Error: Invalid package name(s): 'MASS'.
    Original error: 'Error in open.connection(x, "rb") : HTTP error 404.
    '
    Execution halted
Flavor: r-devel-linux-x86_64-debian-clang

Version: 1.4.2
Check: tests
Result: ERROR
     Running 'testthat.R' [3s/4s]
    Running the tests in 'tests/testthat.R' failed.
    Complete output:
     > library(testthat)
     > library(foghorn)
     >
     > test_check("foghorn")
     == Skipped tests ===============================================================
     * On CRAN (23)
    
     == Failed tests ================================================================
     -- Error (test-foghorn.R:456:5): check output for MASS -------------------------
     Error: Invalid package name(s): 'MASS'.
     Original error: 'Error in open.connection(x, "rb") : HTTP error 404.
     '
     Backtrace:
     x
     1. \-foghorn::cran_results(pkg = "MASS") test-foghorn.R:456:4
     2. \-foghorn:::cran_results_web(email, pkg, ...)
     3. \-foghorn:::read_cran_web_from_pkg(pkg, ...)
     4. \-foghorn:::handle_cran_web_issues(...)
    
     [ FAIL 1 | WARN 0 | SKIP 23 | PASS 31 ]
     Error: Test failures
     In addition: Warning messages:
     1: In .Internal(gc(verbose, reset, full)) :
     closing unused connection 4 (https://cloud.r-project.org/web/checks/check_results_foobarfoobar.html)
     2: In .Internal(gc(verbose, reset, full)) :
     closing unused connection 4 (https://cloud.r-project.org/web/checks/check_results_foo_at_foobarbar.rrrr.html)
     3: In .Internal(gc(verbose, reset, full)) :
     closing unused connection 4 (https://cloud.r-project.org/web/checks/check_results_MASS.html)
     Execution halted
Flavor: r-devel-linux-x86_64-debian-clang

Version: 1.4.2
Check: re-building of vignette outputs
Result: WARN
    Error(s) in re-building vignettes:
     ...
    --- re-building 'foghorn.Rmd' using rmarkdown
    Warning in .Internal(gc(verbose, reset, full)) :
     closing unused connection 4 (https://cloud.r-project.org/web/checks/check_results_francois.michonneau_at_gmail.com.html)
    Quitting from lines 23-25 (foghorn.Rmd)
    Error: processing vignette 'foghorn.Rmd' failed with diagnostics:
    Invalid email address(es): 'francois.michonneau@gmail.com'.
    Original error: 'Error in open.connection(x, "rb") : HTTP error 404.
    '
    --- failed re-building 'foghorn.Rmd'
    
    SUMMARY: processing the following file failed:
     'foghorn.Rmd'
    
    Error: Vignette re-building failed.
    Execution halted
Flavor: r-devel-linux-x86_64-debian-clang