CRAN Package Check Results for Package fontBitstreamVera

Last updated on 2024-04-23 10:54:03 CEST.

Flavor Version Tinstall Tcheck Ttotal Status Flags
r-devel-linux-x86_64-debian-clang 0.1.1 1.33 9.78 11.11 NOTE
r-devel-linux-x86_64-debian-gcc 0.1.1 1.14 7.79 8.93 NOTE
r-devel-linux-x86_64-fedora-clang 0.1.1 14.80 NOTE
r-devel-linux-x86_64-fedora-gcc 0.1.1 14.54 NOTE
r-prerel-macos-arm64 0.1.1 10.00 NOTE
r-prerel-windows-x86_64 0.1.1 2.00 19.00 21.00 NOTE
r-patched-linux-x86_64 0.1.1 1.40 9.33 10.73 NOTE
r-release-linux-x86_64 0.1.1 1.26 9.27 10.53 NOTE
r-release-macos-arm64 0.1.1 10.00 NOTE
r-release-macos-x86_64 0.1.1 13.00 NOTE
r-release-windows-x86_64 0.1.1 4.00 18.00 22.00 NOTE
r-oldrel-macos-arm64 0.1.1 10.00 NOTE
r-oldrel-windows-x86_64 0.1.1 5.00 24.00 29.00 NOTE

Check Details

Version: 0.1.1
Check: LazyData
Result: NOTE 'LazyData' is specified without a 'data' directory Flavors: r-devel-linux-x86_64-debian-clang, r-devel-linux-x86_64-debian-gcc, r-devel-linux-x86_64-fedora-clang, r-devel-linux-x86_64-fedora-gcc, r-prerel-macos-arm64, r-prerel-windows-x86_64, r-patched-linux-x86_64, r-release-linux-x86_64, r-release-macos-arm64, r-release-macos-x86_64, r-release-windows-x86_64, r-oldrel-macos-arm64, r-oldrel-windows-x86_64