CRAN Package Check Results for Package fontquiver

Last updated on 2021-12-02 21:51:57 CET.

Flavor Version Tinstall Tcheck Ttotal Status Flags
r-devel-linux-x86_64-debian-clang 0.2.1 2.98 23.42 26.40 NOTE
r-devel-linux-x86_64-debian-gcc 0.2.1 1.83 18.68 20.51 NOTE
r-devel-linux-x86_64-fedora-clang 0.2.1 42.98 NOTE
r-devel-linux-x86_64-fedora-gcc 0.2.1 31.95 NOTE
r-devel-windows-x86_64-new-UL 0.2.1 8.00 56.00 64.00 NOTE
r-devel-windows-x86_64-new-TK 0.2.1 NOTE
r-devel-windows-x86_64-old 0.2.1 5.00 31.00 36.00 NOTE
r-patched-linux-x86_64 0.2.1 2.99 22.54 25.53 NOTE
r-patched-solaris-x86 0.2.1 49.20 NOTE
r-release-linux-x86_64 0.2.1 2.90 22.72 25.62 NOTE
r-release-macos-arm64 0.2.1 NOTE
r-release-macos-x86_64 0.2.1 NOTE
r-release-windows-ix86+x86_64 0.2.1 6.00 41.00 47.00 NOTE
r-oldrel-macos-x86_64 0.2.1 OK
r-oldrel-windows-ix86+x86_64 0.2.1 6.00 39.00 45.00 OK

Check Details

Version: 0.2.1
Check: LazyData
Result: NOTE
     'LazyData' is specified without a 'data' directory
Flavors: r-devel-linux-x86_64-debian-clang, r-devel-linux-x86_64-debian-gcc, r-devel-linux-x86_64-fedora-clang, r-devel-linux-x86_64-fedora-gcc, r-devel-windows-x86_64-new-UL, r-devel-windows-x86_64-new-TK, r-devel-windows-x86_64-old, r-patched-linux-x86_64, r-patched-solaris-x86, r-release-linux-x86_64, r-release-macos-arm64, r-release-macos-x86_64, r-release-windows-ix86+x86_64