CRAN Package Check Results for Package forestecology

Last updated on 2021-09-18 22:53:01 CEST.

Flavor Version Tinstall Tcheck Ttotal Status Flags
r-devel-linux-x86_64-debian-clang 0.1.0 10.69 126.20 136.89 OK
r-devel-linux-x86_64-debian-gcc 0.1.0 8.68 92.45 101.13 OK
r-devel-linux-x86_64-fedora-clang 0.1.0 170.62 NOTE
r-devel-linux-x86_64-fedora-gcc 0.1.0 157.49 NOTE
r-devel-windows-x86_64 0.1.0 14.00 153.00 167.00 OK
r-devel-windows-x86_64-gcc10-UCRT 0.1.0 NOTE
r-patched-linux-x86_64 0.1.0 11.32 117.18 128.50 OK
r-patched-solaris-x86 0.1.0 231.00 NOTE
r-release-linux-x86_64 0.1.0 8.44 116.46 124.90 OK
r-release-macos-arm64 0.1.0 NOTE
r-release-macos-x86_64 0.1.0 NOTE
r-release-windows-ix86+x86_64 0.1.0 22.00 109.00 131.00 OK
r-oldrel-macos-x86_64 0.1.0 NOTE
r-oldrel-windows-ix86+x86_64 0.1.0 24.00 128.00 152.00 OK

Check Details

Version: 0.1.0
Check: dependencies in R code
Result: NOTE
    Namespaces in Imports field not imported from:
     ‘blockCV’ ‘patchwork’ ‘proxy’
     All declared Imports should be used.
Flavors: r-devel-linux-x86_64-fedora-clang, r-devel-linux-x86_64-fedora-gcc, r-devel-windows-x86_64-gcc10-UCRT, r-patched-solaris-x86, r-release-macos-arm64, r-release-macos-x86_64, r-oldrel-macos-x86_64