CRAN Package Check Results for Package forestinventory

Last updated on 2021-09-23 13:54:43 CEST.

Flavor Version Tinstall Tcheck Ttotal Status Flags
r-devel-linux-x86_64-debian-clang 1.0.0 12.61 92.40 105.01 OK
r-devel-linux-x86_64-debian-gcc 1.0.0 9.32 69.46 78.78 OK
r-devel-linux-x86_64-fedora-clang 1.0.0 132.16 OK
r-devel-linux-x86_64-fedora-gcc 1.0.0 120.11 OK
r-devel-windows-x86_64 1.0.0 14.00 80.00 94.00 OK
r-devel-windows-x86_64-gcc10-UCRT 1.0.0 ERROR
r-patched-linux-x86_64 1.0.0 10.19 87.30 97.49 OK
r-patched-solaris-x86 1.0.0 148.30 OK
r-release-linux-x86_64 1.0.0 9.46 87.56 97.02 OK
r-release-macos-arm64 1.0.0 OK
r-release-macos-x86_64 1.0.0 OK
r-release-windows-ix86+x86_64 1.0.0 23.00 79.00 102.00 OK
r-oldrel-macos-x86_64 1.0.0 OK
r-oldrel-windows-ix86+x86_64 1.0.0 18.00 76.00 94.00 OK

Check Details

Version: 1.0.0
Check: PDF version of manual
Result: WARN
    LaTeX errors when creating PDF version.
    This typically indicates Rd problems.
Flavor: r-devel-windows-x86_64-gcc10-UCRT

Version: 1.0.0
Check: PDF version of manual without hyperrefs or index
Result: ERROR
    Re-running with no redirection of stdout/stderr.
Flavor: r-devel-windows-x86_64-gcc10-UCRT