CRAN Package Check Results for Package formods

Last updated on 2024-02-27 09:53:55 CET.

Flavor Version Tinstall Tcheck Ttotal Status Flags
r-devel-linux-x86_64-debian-clang 0.1.3 14.28 1945.41 1959.69 ERROR
r-devel-linux-x86_64-debian-gcc 0.1.3 14.05 285.52 299.57 OK
r-devel-linux-x86_64-fedora-clang 0.1.3 498.44 OK
r-devel-linux-x86_64-fedora-gcc 0.1.3 476.65 OK
r-devel-windows-x86_64 0.1.3 15.00 306.00 321.00 OK
r-patched-linux-x86_64 0.1.3 19.13 317.62 336.75 OK
r-release-linux-x86_64 0.1.3 10.67 364.73 375.40 OK
r-release-macos-arm64 0.1.3 173.00 OK
r-release-macos-x86_64 0.1.3 349.00 OK
r-release-windows-x86_64 0.1.3 20.00 411.00 431.00 OK
r-oldrel-macos-arm64 0.1.3 148.00 OK
r-oldrel-windows-x86_64 0.1.3 20.00 396.00 416.00 OK

Check Details

Version: 0.1.3
Check: examples
Result: ERROR Running examples in ‘formods-Ex.R’ failed The error most likely occurred in: > base::assign(".ptime", proc.time(), pos = "CheckExEnv") > ### Name: use_formods > ### Title: Create Module Templates in a Package Repository > ### Aliases: use_formods > > ### ** Examples > > if(FALSE){ + use_formods(repo_root=tempdir()) + } > > > > base::assign(".dptime", (proc.time() - get(".ptime", pos = "CheckExEnv")), pos = "CheckExEnv") > base::cat("use_formods", base::get(".format_ptime", pos = 'CheckExEnv')(get(".dptime", pos = "CheckExEnv")), "\n", file=base::get(".ExTimings", pos = 'CheckExEnv'), append=TRUE, sep="\t") > ### * <FOOTER> > ### > cleanEx() > options(digits = 7L) > base::cat("Time elapsed: ", proc.time() - base::get("ptime", pos = 'CheckExEnv'),"\n") Time elapsed: 162.886 9.296 215.772 0.011 0.006 > grDevices::dev.off() null device 1 > ### > ### Local variables: *** > ### mode: outline-minor *** > ### outline-regexp: "\\(> \\)?### [*]+" *** > ### End: *** > quit('no') Assertion failure at kmp_runtime.cpp(6891): temp_reg_status_file_name. OMP: Error #13: Assertion failure at kmp_runtime.cpp(6891). OMP: Hint Please submit a bug report with this message, compile and run commands used, and machine configuration info including native compiler and operating system versions. Faster response will be obtained by including all program sources. For information on submitting this issue, please see https://github.com/llvm/llvm-project/issues/. Assertion failure at kmp_runtime.cpp(6891): temp_reg_status_file_name. OMP: Error #13: Assertion failure at kmp_runtime.cpp(6891). OMP: Hint Please submit a bug report with this message, compile and run commands used, and machine configuration info including native compiler and operating system versions. Faster response will be obtained by including all program sources. For information on submitting this issue, please see https://github.com/llvm/llvm-project/issues/. Killed Flavor: r-devel-linux-x86_64-debian-clang