CRAN Package Check Results for Package fpp3

Last updated on 2021-07-24 07:49:25 CEST.

Flavor Version Tinstall Tcheck Ttotal Status Flags
r-devel-linux-x86_64-debian-clang 0.4.0 7.07 69.16 76.23 OK
r-devel-linux-x86_64-debian-gcc 0.4.0 5.63 51.72 57.35 OK
r-devel-linux-x86_64-fedora-clang 0.4.0 103.98 NOTE
r-devel-linux-x86_64-fedora-gcc 0.4.0 85.54 NOTE
r-devel-windows-x86_64 0.4.0 10.00 62.00 72.00 OK
r-devel-windows-x86_64-gcc10-UCRT 0.4.0 NOTE
r-patched-linux-x86_64 0.4.0 6.74 65.80 72.54 OK
r-patched-solaris-x86 0.4.0 126.10 NOTE
r-release-linux-x86_64 0.4.0 7.54 65.13 72.67 OK
r-release-macos-arm64 0.4.0 NOTE
r-release-macos-x86_64 0.4.0 NOTE
r-release-windows-ix86+x86_64 0.4.0 19.00 90.00 109.00 OK
r-oldrel-macos-x86_64 0.4.0 NOTE
r-oldrel-windows-ix86+x86_64 0.4.0 24.00 85.00 109.00 OK

Check Details

Version: 0.4.0
Check: dependencies in R code
Result: NOTE
    Namespaces in Imports field not imported from:
     ‘dplyr’ ‘fable’ ‘fabletools’ ‘feasts’ ‘ggplot2’ ‘lubridate’ ‘tibble’
     ‘tidyr’ ‘tsibble’ ‘tsibbledata’ ‘urca’
     All declared Imports should be used.
Flavors: r-devel-linux-x86_64-fedora-clang, r-devel-linux-x86_64-fedora-gcc, r-devel-windows-x86_64-gcc10-UCRT, r-patched-solaris-x86, r-release-macos-arm64, r-release-macos-x86_64, r-oldrel-macos-x86_64