CRAN Package Check Results for Package ftsa

Last updated on 2021-10-21 13:53:33 CEST.

Flavor Version Tinstall Tcheck Ttotal Status Flags
r-devel-linux-x86_64-debian-clang 6.0 22.65 227.65 250.30 OK
r-devel-linux-x86_64-debian-gcc 6.0 17.85 167.08 184.93 OK
r-devel-linux-x86_64-fedora-clang 6.0 307.89 OK
r-devel-linux-x86_64-fedora-gcc 6.0 302.15 OK
r-devel-windows-x86_64 6.0 35.00 280.00 315.00 OK
r-devel-windows-x86_64-gcc10-UCRT 6.0 OK
r-patched-linux-x86_64 6.0 26.88 219.36 246.24 OK
r-patched-solaris-x86 6.0 408.90 OK
r-release-linux-x86_64 6.0 18.06 218.51 236.57 OK
r-release-macos-arm64 6.0 NOTE
r-release-macos-x86_64 6.0 OK
r-release-windows-ix86+x86_64 6.0 50.00 282.00 332.00 OK
r-oldrel-macos-x86_64 6.0 OK
r-oldrel-windows-ix86+x86_64 6.0 51.00 336.00 387.00 OK

Check Details

Version: 6.0
Check: package dependencies
Result: NOTE
    Package suggested but not available for checking: ‘R2jags’
Flavor: r-release-macos-arm64