CRAN Package Check Results for Package fullfact

Last updated on 2024-06-13 10:48:55 CEST.

Flavor Version Tinstall Tcheck Ttotal Status Flags
r-devel-linux-x86_64-debian-clang 1.5.2 24.70 357.45 382.15 OK
r-devel-linux-x86_64-debian-gcc 1.5.2 0.38 1.81 2.19 ERROR
r-devel-linux-x86_64-fedora-clang 1.5.2 465.76 OK
r-devel-linux-x86_64-fedora-gcc 1.5.2 461.16 OK
r-devel-windows-x86_64 1.5.2 20.00 262.00 282.00 OK
r-patched-linux-x86_64 1.5.2 23.69 341.88 365.57 OK
r-release-linux-x86_64 1.5.2 18.47 348.89 367.36 OK
r-release-macos-arm64 1.5.2 130.00 OK
r-release-macos-x86_64 1.5.2 201.00 OK
r-release-windows-x86_64 1.5.2 20.00 264.00 284.00 OK
r-oldrel-macos-arm64 1.5.2 128.00 OK
r-oldrel-macos-x86_64 1.5.2 200.00 OK
r-oldrel-windows-x86_64 1.5.2 27.00 335.00 362.00 OK

Check Details

Version: 1.5.2
Check: package dependencies
Result: ERROR Packages required but not available: 'lme4', 'afex' See section ‘The DESCRIPTION file’ in the ‘Writing R Extensions’ manual. Flavor: r-devel-linux-x86_64-debian-gcc