CRAN Package Check Results for Package funcharts

Last updated on 2021-09-22 16:49:52 CEST.

Flavor Version Tinstall Tcheck Ttotal Status Flags
r-devel-linux-x86_64-debian-clang 1.0.0 13.56 205.74 219.30 OK
r-devel-linux-x86_64-debian-gcc 1.0.0 10.50 147.61 158.11 OK
r-devel-linux-x86_64-fedora-clang 1.0.0 260.27 OK
r-devel-linux-x86_64-fedora-gcc 1.0.0 246.32 OK
r-devel-windows-x86_64 1.0.0 16.00 172.00 188.00 OK
r-devel-windows-x86_64-gcc10-UCRT 1.0.0 ERROR
r-patched-linux-x86_64 1.0.0 14.75 191.04 205.79 OK
r-patched-solaris-x86 1.0.0 320.60 OK
r-release-linux-x86_64 1.0.0 13.05 191.59 204.64 OK
r-release-macos-arm64 1.0.0 OK
r-release-macos-x86_64 1.0.0 OK
r-release-windows-ix86+x86_64 1.0.0 32.00 172.00 204.00 OK
r-oldrel-macos-x86_64 1.0.0 OK
r-oldrel-windows-ix86+x86_64 1.0.0 23.00 181.00 204.00 OK

Check Details

Version: 1.0.0
Check: PDF version of manual
Result: WARN
    LaTeX errors when creating PDF version.
    This typically indicates Rd problems.
Flavor: r-devel-windows-x86_64-gcc10-UCRT

Version: 1.0.0
Check: PDF version of manual without hyperrefs or index
Result: ERROR
    Re-running with no redirection of stdout/stderr.
Flavor: r-devel-windows-x86_64-gcc10-UCRT