CRAN Package Check Results for Package funnelR

Last updated on 2024-07-21 22:48:45 CEST.

Flavor Version Tinstall Tcheck Ttotal Status Flags
r-devel-linux-x86_64-debian-clang 0.1.0 4.11 61.00 65.11 NOTE
r-devel-linux-x86_64-debian-gcc 0.1.0 4.22 46.78 51.00 NOTE
r-devel-linux-x86_64-fedora-clang 0.1.0 86.44 NOTE
r-devel-linux-x86_64-fedora-gcc 0.1.0 91.79 NOTE
r-devel-windows-x86_64 0.1.0 6.00 63.00 69.00 NOTE
r-patched-linux-x86_64 0.1.0 5.21 58.96 64.17 NOTE
r-release-linux-x86_64 0.1.0 4.12 58.01 62.13 NOTE
r-release-macos-arm64 0.1.0 29.00 NOTE
r-release-macos-x86_64 0.1.0 47.00 NOTE
r-release-windows-x86_64 0.1.0 6.00 62.00 68.00 NOTE
r-oldrel-macos-arm64 0.1.0 34.00 NOTE
r-oldrel-macos-x86_64 0.1.0 51.00 NOTE
r-oldrel-windows-x86_64 0.1.0 8.00 69.00 77.00 NOTE

Check Details

Version: 0.1.0
Check: LazyData
Result: NOTE 'LazyData' is specified without a 'data' directory Flavors: r-devel-linux-x86_64-debian-clang, r-devel-linux-x86_64-debian-gcc, r-devel-linux-x86_64-fedora-clang, r-devel-linux-x86_64-fedora-gcc, r-devel-windows-x86_64, r-patched-linux-x86_64, r-release-linux-x86_64, r-release-macos-arm64, r-release-macos-x86_64, r-release-windows-x86_64, r-oldrel-macos-arm64, r-oldrel-macos-x86_64, r-oldrel-windows-x86_64