CRAN Package Check Results for Package funr

Last updated on 2021-10-28 10:51:36 CEST.

Flavor Version Tinstall Tcheck Ttotal Status Flags
r-devel-linux-x86_64-debian-clang 0.3.2 1.90 22.06 23.96 NOTE
r-devel-linux-x86_64-debian-gcc 0.3.2 1.65 17.72 19.37 NOTE
r-devel-linux-x86_64-fedora-clang 0.3.2 40.20 NOTE
r-devel-linux-x86_64-fedora-gcc 0.3.2 30.07 NOTE
r-devel-windows-x86_64 0.3.2 4.00 40.00 44.00 NOTE
r-devel-windows-x86_64-gcc10-UCRT 0.3.2 NOTE
r-patched-linux-x86_64 0.3.2 2.11 21.86 23.97 NOTE
r-patched-solaris-x86 0.3.2 45.80 NOTE
r-release-linux-x86_64 0.3.2 2.24 21.54 23.78 NOTE
r-release-macos-arm64 0.3.2 NOTE
r-release-macos-x86_64 0.3.2 NOTE
r-release-windows-ix86+x86_64 0.3.2 4.00 39.00 43.00 NOTE
r-oldrel-macos-x86_64 0.3.2 OK
r-oldrel-windows-ix86+x86_64 0.3.2 4.00 38.00 42.00 OK

Check Details

Version: 0.3.2
Check: LazyData
Result: NOTE
     'LazyData' is specified without a 'data' directory
Flavors: r-devel-linux-x86_64-debian-clang, r-devel-linux-x86_64-debian-gcc, r-devel-linux-x86_64-fedora-clang, r-devel-linux-x86_64-fedora-gcc, r-devel-windows-x86_64, r-devel-windows-x86_64-gcc10-UCRT, r-patched-linux-x86_64, r-patched-solaris-x86, r-release-linux-x86_64, r-release-macos-arm64, r-release-macos-x86_64, r-release-windows-ix86+x86_64