CRAN Package Check Results for Package future

Last updated on 2021-07-27 19:52:43 CEST.

Flavor Version Tinstall Tcheck Ttotal Status Flags
r-devel-linux-x86_64-debian-clang 1.21.0 9.05 211.73 220.78 OK
r-devel-linux-x86_64-debian-gcc 1.21.0 6.27 159.44 165.71 OK
r-devel-linux-x86_64-fedora-clang 1.21.0 273.62 OK
r-devel-linux-x86_64-fedora-gcc 1.21.0 267.48 OK
r-devel-windows-x86_64 1.21.0 12.00 346.00 358.00 OK
r-devel-windows-x86_64-gcc10-UCRT 1.21.0 OK
r-patched-linux-x86_64 1.21.0 9.55 202.15 211.70 OK
r-patched-solaris-x86 1.21.0 118.00 OK --no-tests
r-release-linux-x86_64 1.21.0 7.97 203.00 210.97 OK
r-release-macos-arm64 1.21.0 ERROR
r-release-macos-x86_64 1.21.0 OK
r-release-windows-ix86+x86_64 1.21.0 14.00 297.00 311.00 OK
r-oldrel-macos-x86_64 1.21.0 OK
r-oldrel-windows-ix86+x86_64 1.21.0 10.00 335.00 345.00 OK

Additional issues

M1mac

Check Details

Version: 1.21.0
Check: tests
Result: ERROR
     Running ‘000.sessionDetails.R’ [0s/0s]
     Running ‘ClusterRegistry.R’ [1s/2s]
     Running ‘Future-class.R’ [1s/1s]
     Running ‘FutureError.R’ [0s/0s]
     Running ‘FutureGlobals.R’ [0s/0s]
     Running ‘FutureRegistry.R’ [0s/1s]
     Running ‘backtrace.R’ [1s/2s]
     Running ‘cluster-missing-future-pkg.R’ [0s/1s]
     Running ‘cluster.R’ [1s/7s]
    Running the tests in ‘tests/cluster.R’ failed.
    Last 13 lines of output:
     > ## Sanity checks
     > pid2 <- Sys.getpid()
     > message("Main PID (original): ", pid)
     Main PID (original): 180
     > message("Main PID: ", pid2)
     Main PID: 180
     > stopifnot(pid2 == pid)
     >
     > source("incl/end.R")
     >
     > ## Sanity checks
     > pid2 <- Sys.getpid()
     > message("Main PID (original): ", pid)
     Error in message("Main PID (original): ", pid) : object 'pid' not found
     Execution halted
Flavor: r-release-macos-arm64