CRAN Package Check Results for Package future.tests

Last updated on 2021-09-24 04:51:41 CEST.

Flavor Version Tinstall Tcheck Ttotal Status Flags
r-devel-linux-x86_64-debian-clang 0.2.1 6.83 99.80 106.63 NOTE
r-devel-linux-x86_64-debian-gcc 0.2.1 5.34 76.98 82.32 NOTE
r-devel-linux-x86_64-fedora-clang 0.2.1 137.47 NOTE
r-devel-linux-x86_64-fedora-gcc 0.2.1 128.56 NOTE
r-devel-windows-x86_64 0.2.1 6.00 131.00 137.00 NOTE
r-devel-windows-x86_64-gcc10-UCRT 0.2.1 NOTE
r-patched-linux-x86_64 0.2.1 6.54 100.29 106.83 NOTE
r-patched-solaris-x86 0.2.1 263.10 NOTE
r-release-linux-x86_64 0.2.1 7.09 100.86 107.95 NOTE
r-release-macos-arm64 0.2.1 NOTE
r-release-macos-x86_64 0.2.1 NOTE
r-release-windows-ix86+x86_64 0.2.1 14.00 124.00 138.00 NOTE
r-oldrel-macos-x86_64 0.2.1 OK
r-oldrel-windows-ix86+x86_64 0.2.1 11.00 121.00 132.00 OK

Check Details

Version: 0.2.1
Check: LazyData
Result: NOTE
     'LazyData' is specified without a 'data' directory
Flavors: r-devel-linux-x86_64-debian-clang, r-devel-linux-x86_64-debian-gcc, r-devel-linux-x86_64-fedora-clang, r-devel-linux-x86_64-fedora-gcc, r-devel-windows-x86_64, r-devel-windows-x86_64-gcc10-UCRT, r-patched-linux-x86_64, r-patched-solaris-x86, r-release-linux-x86_64, r-release-macos-arm64, r-release-macos-x86_64, r-release-windows-ix86+x86_64