CRAN Package Check Results for Package fwsim

Last updated on 2021-09-21 01:50:07 CEST.

Flavor Version Tinstall Tcheck Ttotal Status Flags
r-devel-linux-x86_64-debian-clang 0.3.4 57.20 30.97 88.17 OK
r-devel-linux-x86_64-debian-gcc 0.3.4 38.49 24.49 62.98 OK
r-devel-linux-x86_64-fedora-clang 0.3.4 135.93 OK
r-devel-linux-x86_64-fedora-gcc 0.3.4 113.93 OK
r-devel-windows-x86_64 0.3.4 61.00 46.00 107.00 OK
r-devel-windows-x86_64-gcc10-UCRT 0.3.4 ERROR
r-patched-linux-x86_64 0.3.4 45.88 30.40 76.28 OK
r-patched-solaris-x86 0.3.4 112.50 OK
r-release-linux-x86_64 0.3.4 44.14 30.29 74.43 OK
r-release-macos-arm64 0.3.4 OK
r-release-macos-x86_64 0.3.4 OK
r-release-windows-ix86+x86_64 0.3.4 140.00 57.00 197.00 OK
r-oldrel-macos-x86_64 0.3.4 OK
r-oldrel-windows-ix86+x86_64 0.3.4 138.00 59.00 197.00 OK

Check Details

Version: 0.3.4
Check: whether package can be installed
Result: ERROR
    Installation failed.
Flavor: r-devel-windows-x86_64-gcc10-UCRT