CRAN Package Check Results for Package gWQS

Last updated on 2021-09-17 16:50:12 CEST.

Flavor Version Tinstall Tcheck Ttotal Status Flags
r-devel-linux-x86_64-debian-clang 3.0.4 14.29 129.62 143.91 OK
r-devel-linux-x86_64-debian-gcc 3.0.4 12.00 95.05 107.05 OK
r-devel-linux-x86_64-fedora-clang 3.0.4 173.42 NOTE
r-devel-linux-x86_64-fedora-gcc 3.0.4 161.64 NOTE
r-devel-windows-x86_64 3.0.4 17.00 153.00 170.00 OK
r-devel-windows-x86_64-gcc10-UCRT 3.0.4 NOTE
r-patched-linux-x86_64 3.0.4 15.40 121.25 136.65 OK
r-patched-solaris-x86 3.0.4 227.80 NOTE
r-release-linux-x86_64 3.0.4 12.07 120.26 132.33 OK
r-release-macos-arm64 3.0.4 NOTE
r-release-macos-x86_64 3.0.4 NOTE
r-release-windows-ix86+x86_64 3.0.4 33.00 112.00 145.00 OK
r-oldrel-macos-x86_64 3.0.4 NOTE
r-oldrel-windows-ix86+x86_64 3.0.4 36.00 154.00 190.00 OK

Check Details

Version: 3.0.4
Check: dependencies in R code
Result: NOTE
    Namespace in Imports field not imported from: ‘dplyr’
     All declared Imports should be used.
Flavors: r-devel-linux-x86_64-fedora-clang, r-devel-linux-x86_64-fedora-gcc, r-devel-windows-x86_64-gcc10-UCRT, r-patched-solaris-x86, r-release-macos-arm64, r-release-macos-x86_64, r-oldrel-macos-x86_64