CRAN Package Check Results for Package galigor

Last updated on 2024-07-13 04:48:37 CEST.

Flavor Version Tinstall Tcheck Ttotal Status Flags
r-devel-linux-x86_64-debian-clang 0.2.5 7.98 48.41 56.39 OK
r-devel-linux-x86_64-debian-gcc 0.2.5 5.65 36.17 41.82 OK
r-devel-linux-x86_64-fedora-clang 0.2.5 38.46 NOTE
r-devel-linux-x86_64-fedora-gcc 0.2.5 48.44 NOTE
r-devel-windows-x86_64 0.2.5 8.00 58.00 66.00 OK
r-patched-linux-x86_64 0.2.5 6.26 45.25 51.51 OK
r-release-linux-x86_64 0.2.5 4.34 45.91 50.25 OK
r-release-macos-arm64 0.2.5 24.00 OK
r-release-macos-x86_64 0.2.5 40.00 OK
r-release-windows-x86_64 0.2.5 7.00 59.00 66.00 OK
r-oldrel-macos-arm64 0.2.5 24.00 OK
r-oldrel-macos-x86_64 0.2.5 37.00 OK
r-oldrel-windows-x86_64 0.2.5 10.00 63.00 73.00 OK

Check Details

Version: 0.2.5
Check: dependencies in R code
Result: NOTE Namespaces in Imports field not imported from: ‘gargle’ ‘getProxy’ ‘rappsflyer’ ‘rfacebookstat’ ‘rgoogleads’ ‘rmytarget’ ‘rvkstat’ ‘ryandexdirect’ ‘rym’ ‘tidyr’ All declared Imports should be used. Flavors: r-devel-linux-x86_64-fedora-clang, r-devel-linux-x86_64-fedora-gcc