CRAN Package Check Results for Package gamlss.dist

Last updated on 2021-10-16 13:52:24 CEST.

Flavor Version Tinstall Tcheck Ttotal Status Flags
r-devel-linux-x86_64-debian-clang 5.3-2 57.55 230.16 287.71 OK
r-devel-linux-x86_64-debian-gcc 5.3-2 40.30 167.60 207.90 OK
r-devel-linux-x86_64-fedora-clang 5.3-2 358.87 NOTE
r-devel-linux-x86_64-fedora-gcc 5.3-2 346.86 OK
r-devel-windows-x86_64 5.3-2 72.00 165.00 237.00 OK
r-devel-windows-x86_64-gcc10-UCRT 5.3-2 OK
r-patched-linux-x86_64 5.3-2 54.97 224.42 279.39 OK
r-patched-solaris-x86 5.3-2 344.50 OK
r-release-linux-x86_64 5.3-2 53.75 223.61 277.36 OK
r-release-macos-arm64 5.3-2 OK
r-release-macos-x86_64 5.3-2 OK
r-release-windows-ix86+x86_64 5.3-2 102.00 259.00 361.00 OK
r-oldrel-macos-x86_64 5.3-2 OK
r-oldrel-windows-ix86+x86_64 5.3-2 99.00 248.00 347.00 OK

Check Details

Version: 5.3-2
Check: Rd cross-references
Result: NOTE
    Undeclared package ‘gamlss’ in Rd xrefs
Flavor: r-devel-linux-x86_64-fedora-clang