CRAN Package Check Results for Package gap

Last updated on 2024-02-24 03:52:35 CET.

Flavor Version Tinstall Tcheck Ttotal Status Flags
r-devel-linux-x86_64-debian-clang 1.5-3 29.47 256.67 286.14 OK
r-devel-linux-x86_64-debian-gcc 1.5-3 24.59 196.24 220.83 ERROR
r-devel-linux-x86_64-fedora-clang 1.5-3 383.01 NOTE
r-devel-linux-x86_64-fedora-gcc 1.5-3 374.29 OK
r-devel-windows-x86_64 1.5-3 33.00 346.00 379.00 NOTE
r-patched-linux-x86_64 1.5-3 31.37 263.11 294.48 ERROR
r-release-linux-x86_64 1.5-3 27.45 263.01 290.46 OK
r-release-macos-arm64 1.5-3 126.00 NOTE
r-release-macos-x86_64 1.5-3 235.00 NOTE
r-release-windows-x86_64 1.5-3 40.00 396.00 436.00 NOTE
r-oldrel-macos-arm64 1.5-3 128.00 NOTE
r-oldrel-windows-x86_64 1.5-3 41.00 432.00 473.00 NOTE

Check Details

Version: 1.5-3
Check: re-building of vignette outputs
Result: ERROR Error(s) in re-building vignettes: ... --- re-building ‘gap.Rmd’ using rmarkdown Read 16 records Read 9 records Read 12 records Could not fetch http://www.zotero.org/styles/nature HttpExceptionRequest Request { host = "www.zotero.org" port = 80 secure = False requestHeaders = [] path = "/styles/nature" queryString = "" method = "GET" proxy = Nothing rawBody = False redirectCount = 10 responseTimeout = ResponseTimeoutDefault requestVersion = HTTP/1.1 proxySecureMode = ProxySecureWithConnect } (InternalException (HandshakeFailed (Error_Protocol "peer does not support Extended Main Secret" HandshakeFailure))) Error: processing vignette 'gap.Rmd' failed with diagnostics: pandoc document conversion failed with error 61 --- failed re-building ‘gap.Rmd’ --- re-building ‘shinygap.Rmd’ using rmarkdown Could not fetch http://www.zotero.org/styles/nature HttpExceptionRequest Request { host = "www.zotero.org" port = 80 secure = False requestHeaders = [] path = "/styles/nature" queryString = "" method = "GET" proxy = Nothing rawBody = False redirectCount = 10 responseTimeout = ResponseTimeoutDefault requestVersion = HTTP/1.1 proxySecureMode = ProxySecureWithConnect } (InternalException (HandshakeFailed (Error_Protocol "peer does not support Extended Main Secret" HandshakeFailure))) Error: processing vignette 'shinygap.Rmd' failed with diagnostics: pandoc document conversion failed with error 61 --- failed re-building ‘shinygap.Rmd’ --- re-building ‘jss.Rnw’ using Sweave --- finished re-building ‘jss.Rnw’ SUMMARY: processing the following files failed: ‘gap.Rmd’ ‘shinygap.Rmd’ Error: Vignette re-building failed. Execution halted Flavors: r-devel-linux-x86_64-debian-gcc, r-patched-linux-x86_64

Version: 1.5-3
Check: installed package size
Result: NOTE installed size is 11.2Mb sub-directories of 1Mb or more: doc 7.9Mb libs 2.3Mb Flavors: r-devel-linux-x86_64-fedora-clang, r-devel-windows-x86_64, r-release-macos-arm64, r-release-macos-x86_64, r-release-windows-x86_64, r-oldrel-macos-arm64, r-oldrel-windows-x86_64

Version: 1.5-3
Check: Rd cross-references
Result: NOTE Undeclared package ‘car’ in Rd xrefs Flavor: r-devel-linux-x86_64-fedora-clang