CRAN Package Check Results for Package gdldata

Last updated on 2024-06-13 04:52:25 CEST.

Flavor Version Tinstall Tcheck Ttotal Status Flags
r-devel-linux-x86_64-debian-clang 0.1 3.84 31.28 35.12 OK
r-devel-linux-x86_64-debian-gcc 0.1 0.29 1.64 1.93 ERROR
r-devel-linux-x86_64-fedora-clang 0.1 44.61 OK
r-devel-linux-x86_64-fedora-gcc 0.1 42.07 OK
r-devel-windows-x86_64 0.1 5.00 47.00 52.00 OK
r-patched-linux-x86_64 0.1 4.03 29.75 33.78 OK
r-release-linux-x86_64 0.1 4.08 29.96 34.04 OK
r-release-macos-arm64 0.1 19.00 OK
r-release-macos-x86_64 0.1 29.00 OK
r-release-windows-x86_64 0.1 6.00 48.00 54.00 OK
r-oldrel-macos-arm64 0.1 19.00 OK
r-oldrel-macos-x86_64 0.1 39.00 OK
r-oldrel-windows-x86_64 0.1 7.00 50.00 57.00 OK

Check Details

Version: 0.1
Check: package dependencies
Result: ERROR Package required but not available: ‘httr2’ See section ‘The DESCRIPTION file’ in the ‘Writing R Extensions’ manual. Flavor: r-devel-linux-x86_64-debian-gcc