CRAN Package Check Results for Package gear

Last updated on 2021-09-21 07:50:08 CEST.

Flavor Version Tinstall Tcheck Ttotal Status Flags
r-devel-linux-x86_64-debian-clang 0.3.4 27.79 150.65 178.44 OK
r-devel-linux-x86_64-debian-gcc 0.3.4 15.30 106.96 122.26 OK
r-devel-linux-x86_64-fedora-clang 0.3.4 217.68 OK
r-devel-linux-x86_64-fedora-gcc 0.3.4 205.41 OK
r-devel-windows-x86_64 0.3.4 24.00 164.00 188.00 OK
r-devel-windows-x86_64-gcc10-UCRT 0.3.4 ERROR
r-patched-linux-x86_64 0.3.4 20.74 147.28 168.02 OK
r-patched-solaris-x86 0.3.4 284.70 OK
r-release-linux-x86_64 0.3.4 16.04 145.40 161.44 OK
r-release-macos-arm64 0.3.4 OK
r-release-macos-x86_64 0.3.4 OK
r-release-windows-ix86+x86_64 0.3.4 58.00 261.00 319.00 OK
r-oldrel-macos-x86_64 0.3.4 OK
r-oldrel-windows-ix86+x86_64 0.3.4 56.00 262.00 318.00 OK

Check Details

Version: 0.3.4
Check: whether package can be installed
Result: ERROR
    Installation failed.
Flavor: r-devel-windows-x86_64-gcc10-UCRT