CRAN Package Check Results for Package geckor

Last updated on 2021-10-16 01:48:18 CEST.

Flavor Version Tinstall Tcheck Ttotal Status Flags
r-devel-linux-x86_64-debian-clang 0.1.1 3.00 110.14 113.14 OK
r-devel-linux-x86_64-debian-gcc 0.1.1 2.33 82.26 84.59 OK
r-devel-linux-x86_64-fedora-clang 0.1.1 142.46 NOTE
r-devel-linux-x86_64-fedora-gcc 0.1.1 130.22 NOTE
r-devel-windows-x86_64 0.1.1 4.00 305.00 309.00 OK
r-devel-windows-x86_64-gcc10-UCRT 0.1.1 NOTE
r-patched-linux-x86_64 0.1.1 3.21 107.08 110.29 OK
r-patched-solaris-x86 0.1.1 171.90 NOTE
r-release-linux-x86_64 0.1.1 2.99 106.41 109.40 OK
r-release-macos-arm64 0.1.1 NOTE
r-release-macos-x86_64 0.1.1 NOTE
r-release-windows-ix86+x86_64 0.1.1 7.00 331.00 338.00 ERROR
r-oldrel-macos-x86_64 0.1.1 NOTE
r-oldrel-windows-ix86+x86_64 0.1.1 8.00 338.00 346.00 ERROR

Check Details

Version: 0.1.1
Check: dependencies in R code
Result: NOTE
    Namespaces in Imports field not imported from:
     ‘knitr’ ‘lifecycle’
     All declared Imports should be used.
Flavors: r-devel-linux-x86_64-fedora-clang, r-devel-linux-x86_64-fedora-gcc, r-devel-windows-x86_64-gcc10-UCRT, r-patched-solaris-x86, r-release-macos-arm64, r-release-macos-x86_64, r-oldrel-macos-x86_64

Version: 0.1.1
Check: tests
Result: ERROR
     Running 'testthat.R' [34s]
    Running the tests in 'tests/testthat.R' failed.
    Complete output:
     > library(testthat)
     > library(geckor)
     R client for the CoinGecko API
     Developed by Next Game Solutions (http://nextgamesolutions.com)
     >
     > test_check("geckor")
     == Failed tests ================================================================
     -- Failure (test-trending_coins.R:5:3): trending_coins returns correct results --
     Names of `r` ('') don't match 'timestamp', 'popularity_rank_24h', 'coin_id', 'name', 'symbol', 'market_cap_rank', 'price_btc'
     -- Failure (test-trending_coins.R:11:3): trending_coins returns correct results --
     r$timestamp is not an S3 object
     -- Failure (test-trending_coins.R:12:3): trending_coins returns correct results --
     r$popularity_rank_24h has type 'NULL', not 'integer'.
     -- Failure (test-trending_coins.R:13:3): trending_coins returns correct results --
     r$coin_id has type 'NULL', not 'character'.
     -- Failure (test-trending_coins.R:14:3): trending_coins returns correct results --
     r$name has type 'NULL', not 'character'.
     -- Failure (test-trending_coins.R:15:3): trending_coins returns correct results --
     r$symbol has type 'NULL', not 'character'.
     -- Failure (test-trending_coins.R:16:3): trending_coins returns correct results --
     r$market_cap_rank has type 'NULL', not 'integer'.
     -- Failure (test-trending_coins.R:17:3): trending_coins returns correct results --
     r$price_btc has type 'NULL', not 'double'.
    
     [ FAIL 8 | WARN 7 | SKIP 0 | PASS 104 ]
     Error: Test failures
     Execution halted
Flavor: r-release-windows-ix86+x86_64

Version: 0.1.1
Check: tests
Result: ERROR
     Running 'testthat.R' [38s]
    Running the tests in 'tests/testthat.R' failed.
    Complete output:
     > library(testthat)
     > library(geckor)
     R client for the CoinGecko API
     Developed by Next Game Solutions (http://nextgamesolutions.com)
     >
     > test_check("geckor")
     == Failed tests ================================================================
     -- Failure (test-trending_coins.R:5:3): trending_coins returns correct results --
     Names of `r` ('') don't match 'timestamp', 'popularity_rank_24h', 'coin_id', 'name', 'symbol', 'market_cap_rank', 'price_btc'
     -- Failure (test-trending_coins.R:11:3): trending_coins returns correct results --
     r$timestamp is not an S3 object
     -- Failure (test-trending_coins.R:12:3): trending_coins returns correct results --
     r$popularity_rank_24h has type 'NULL', not 'integer'.
     -- Failure (test-trending_coins.R:13:3): trending_coins returns correct results --
     r$coin_id has type 'NULL', not 'character'.
     -- Failure (test-trending_coins.R:14:3): trending_coins returns correct results --
     r$name has type 'NULL', not 'character'.
     -- Failure (test-trending_coins.R:15:3): trending_coins returns correct results --
     r$symbol has type 'NULL', not 'character'.
     -- Failure (test-trending_coins.R:16:3): trending_coins returns correct results --
     r$market_cap_rank has type 'NULL', not 'integer'.
     -- Failure (test-trending_coins.R:17:3): trending_coins returns correct results --
     r$price_btc has type 'NULL', not 'double'.
    
     [ FAIL 8 | WARN 7 | SKIP 0 | PASS 104 ]
     Error: Test failures
     Execution halted
Flavor: r-oldrel-windows-ix86+x86_64