CRAN Package Check Results for Package gendata

Last updated on 2021-08-05 16:49:11 CEST.

Flavor Version Tinstall Tcheck Ttotal Status Flags
r-devel-linux-x86_64-debian-clang 1.1 1.86 20.84 22.70 NOTE
r-devel-linux-x86_64-debian-gcc 1.1 1.47 16.57 18.04 NOTE
r-devel-linux-x86_64-fedora-clang 1.1 36.71 NOTE
r-devel-linux-x86_64-fedora-gcc 1.1 25.94 NOTE
r-devel-windows-x86_64 1.1 3.00 31.00 34.00 NOTE
r-devel-windows-x86_64-gcc10-UCRT 1.1 NOTE
r-patched-linux-x86_64 1.1 1.79 19.99 21.78 NOTE
r-patched-solaris-x86 1.1 39.80 NOTE
r-release-linux-x86_64 1.1 1.82 20.22 22.04 NOTE
r-release-macos-arm64 1.1 NOTE
r-release-macos-x86_64 1.1 NOTE
r-release-windows-ix86+x86_64 1.1 4.00 26.00 30.00 NOTE
r-oldrel-macos-x86_64 1.1 NOTE
r-oldrel-windows-ix86+x86_64 1.1 4.00 24.00 28.00 NOTE

Check Details

Version: 1.1
Check: R code for possible problems
Result: NOTE
    genmvnorm: no visible global function definition for 'rnorm'
    Undefined global functions or variables:
     rnorm
    Consider adding
     importFrom("stats", "rnorm")
    to your NAMESPACE file.
Flavors: r-devel-linux-x86_64-debian-clang, r-devel-linux-x86_64-debian-gcc, r-devel-linux-x86_64-fedora-clang, r-devel-linux-x86_64-fedora-gcc, r-devel-windows-x86_64, r-devel-windows-x86_64-gcc10-UCRT, r-patched-linux-x86_64, r-patched-solaris-x86, r-release-linux-x86_64, r-release-macos-arm64, r-release-macos-x86_64, r-release-windows-ix86+x86_64, r-oldrel-macos-x86_64, r-oldrel-windows-ix86+x86_64