CRAN Package Check Results for Package gender

Last updated on 2021-10-19 04:51:51 CEST.

Flavor Version Tinstall Tcheck Ttotal Status Flags
r-devel-linux-x86_64-debian-clang 0.6.0 3.96 49.35 53.31 NOTE
r-devel-linux-x86_64-debian-gcc 0.6.0 3.51 37.37 40.88 NOTE
r-devel-linux-x86_64-fedora-clang 0.6.0 77.09 NOTE
r-devel-linux-x86_64-fedora-gcc 0.6.0 61.60 NOTE
r-devel-windows-x86_64 0.6.0 8.00 68.00 76.00 NOTE
r-devel-windows-x86_64-gcc10-UCRT 0.5.4 NOTE
r-patched-linux-x86_64 0.6.0 4.10 45.87 49.97 NOTE
r-patched-solaris-x86 0.6.0 85.40 NOTE
r-release-linux-x86_64 0.6.0 3.94 45.97 49.91 NOTE
r-release-macos-arm64 0.5.4 NOTE
r-release-macos-x86_64 0.6.0 NOTE
r-release-windows-ix86+x86_64 0.6.0 8.00 50.00 58.00 NOTE
r-oldrel-macos-x86_64 0.6.0 NOTE
r-oldrel-windows-ix86+x86_64 0.6.0 8.00 52.00 60.00 NOTE

Check Details

Version: 0.6.0
Check: package dependencies
Result: NOTE
    Package suggested but not available for checking: 'genderdata'
Flavors: r-devel-linux-x86_64-debian-clang, r-devel-linux-x86_64-debian-gcc, r-devel-linux-x86_64-fedora-clang, r-devel-linux-x86_64-fedora-gcc, r-devel-windows-x86_64, r-patched-linux-x86_64, r-patched-solaris-x86, r-release-linux-x86_64, r-release-macos-x86_64, r-release-windows-ix86+x86_64, r-oldrel-macos-x86_64, r-oldrel-windows-ix86+x86_64

Version: 0.5.4
Check: package dependencies
Result: NOTE
    Package suggested but not available for checking: 'genderdata'
Flavors: r-devel-windows-x86_64-gcc10-UCRT, r-release-macos-arm64

Version: 0.5.4
Check: LazyData
Result: NOTE
     'LazyData' is specified without a 'data' directory
Flavors: r-devel-windows-x86_64-gcc10-UCRT, r-release-macos-arm64