CRAN Package Check Results for Package genderBR

Last updated on 2021-10-20 04:55:20 CEST.

Flavor Version Tinstall Tcheck Ttotal Status Flags
r-devel-linux-x86_64-debian-clang 1.1.2 2.61 26.87 29.48 OK
r-devel-linux-x86_64-debian-gcc 1.1.2 2.28 21.12 23.40 OK
r-devel-linux-x86_64-fedora-clang 1.1.2 47.04 NOTE
r-devel-linux-x86_64-fedora-gcc 1.1.2 36.07 NOTE
r-devel-windows-x86_64 1.1.2 5.00 44.00 49.00 OK
r-devel-windows-x86_64-gcc10-UCRT 1.1.2 NOTE
r-patched-linux-x86_64 1.1.2 3.12 25.70 28.82 OK
r-patched-solaris-x86 1.1.2 55.70 NOTE
r-release-linux-x86_64 1.1.2 2.65 26.39 29.04 OK
r-release-macos-arm64 1.1.2 NOTE
r-release-macos-x86_64 1.1.2 NOTE
r-release-windows-ix86+x86_64 1.1.2 7.00 42.00 49.00 OK
r-oldrel-macos-x86_64 1.1.2 NOTE
r-oldrel-windows-ix86+x86_64 1.1.2 6.00 45.00 51.00 OK

Check Details

Version: 1.1.2
Check: dependencies in R code
Result: NOTE
    Namespace in Imports field not imported from: ‘purrr’
     All declared Imports should be used.
Flavors: r-devel-linux-x86_64-fedora-clang, r-devel-linux-x86_64-fedora-gcc, r-devel-windows-x86_64-gcc10-UCRT, r-patched-solaris-x86, r-release-macos-arm64, r-release-macos-x86_64, r-oldrel-macos-x86_64