CRAN Package Check Results for Package geneticae

Last updated on 2023-09-25 16:03:39 CEST.

Flavor Version Tinstall Tcheck Ttotal Status Flags
r-devel-linux-x86_64-debian-clang 0.4.0 20.88 193.24 214.12 OK
r-devel-linux-x86_64-debian-gcc 0.4.0 16.32 144.51 160.83 OK
r-devel-linux-x86_64-fedora-clang 0.4.0 256.58 NOTE
r-devel-linux-x86_64-fedora-gcc 0.4.0 267.32 NOTE
r-devel-windows-x86_64 0.4.0 18.00 141.00 159.00 OK
r-patched-linux-x86_64 0.4.0 13.23 181.90 195.13 OK
r-release-linux-x86_64 0.4.0 15.54 183.18 198.72 OK
r-release-macos-arm64 0.4.0 78.00 OK
r-release-macos-x86_64 0.4.0 129.00 OK
r-release-windows-x86_64 0.4.0 25.00 179.00 204.00 OK
r-oldrel-macos-arm64 0.4.0 37.00 NOTE
r-oldrel-macos-x86_64 0.4.0 69.00 NOTE
r-oldrel-windows-x86_64 0.4.0 25.00 182.00 207.00 OK

Check Details

Version: 0.4.0
Check: dependencies in R code
Result: NOTE
    Namespaces in Imports field not imported from:
     ‘GGEBiplots’ ‘calibrate’ ‘graphics’ ‘matrixStats’ ‘prettydoc’
     ‘reshape2’
     All declared Imports should be used.
Flavors: r-devel-linux-x86_64-fedora-clang, r-devel-linux-x86_64-fedora-gcc, r-oldrel-macos-arm64, r-oldrel-macos-x86_64