CRAN Package Check Results for Package genie

Last updated on 2021-09-23 10:53:25 CEST.

Flavor Version Tinstall Tcheck Ttotal Status Flags
r-devel-linux-x86_64-debian-clang 1.0.5 83.71 31.45 115.16 OK
r-devel-linux-x86_64-debian-gcc 1.0.5 48.49 24.98 73.47 OK
r-devel-linux-x86_64-fedora-clang 1.0.5 167.58 OK
r-devel-linux-x86_64-fedora-gcc 1.0.5 134.30 OK
r-devel-windows-x86_64 1.0.5 72.00 46.00 118.00 OK
r-devel-windows-x86_64-gcc10-UCRT 1.0.5 ERROR
r-patched-linux-x86_64 1.0.5 60.14 30.27 90.41 OK
r-patched-solaris-x86 1.0.5 129.40 OK
r-release-linux-x86_64 1.0.5 61.41 30.76 92.17 OK
r-release-macos-arm64 1.0.5 OK
r-release-macos-x86_64 1.0.5 OK
r-release-windows-ix86+x86_64 1.0.5 178.00 60.00 238.00 OK
r-oldrel-macos-x86_64 1.0.5 OK
r-oldrel-windows-ix86+x86_64 1.0.5 133.00 67.00 200.00 OK

Check Details

Version: 1.0.5
Check: whether package can be installed
Result: ERROR
    Installation failed.
Flavor: r-devel-windows-x86_64-gcc10-UCRT