CRAN Package Check Results for Package geojsonsf

Last updated on 2021-09-19 16:48:58 CEST.

Flavor Version Tinstall Tcheck Ttotal Status Flags
r-devel-linux-x86_64-debian-clang 2.0.1 98.33 33.05 131.38 OK
r-devel-linux-x86_64-debian-gcc 2.0.1 63.44 26.59 90.03 OK
r-devel-linux-x86_64-fedora-clang 2.0.1 195.93 NOTE
r-devel-linux-x86_64-fedora-gcc 2.0.1 170.34 OK
r-devel-windows-x86_64 2.0.1 78.00 65.00 143.00 OK
r-devel-windows-x86_64-gcc10-UCRT 2.0.1 ERROR
r-patched-linux-x86_64 2.0.1 84.56 32.38 116.94 OK
r-patched-solaris-x86 2.0.1 141.90 OK
r-release-linux-x86_64 2.0.1 79.03 31.89 110.92 OK
r-release-macos-arm64 2.0.1 NOTE
r-release-macos-x86_64 2.0.1 NOTE
r-release-windows-ix86+x86_64 2.0.1 213.00 63.00 276.00 OK
r-oldrel-macos-x86_64 2.0.1 NOTE
r-oldrel-windows-ix86+x86_64 2.0.1 199.00 68.00 267.00 OK

Check Details

Version: 2.0.1
Check: installed package size
Result: NOTE
     installed size is 7.9Mb
     sub-directories of 1Mb or more:
     help 1.3Mb
     libs 5.7Mb
Flavors: r-devel-linux-x86_64-fedora-clang, r-release-macos-arm64, r-release-macos-x86_64, r-oldrel-macos-x86_64

Version: 2.0.1
Check: whether package can be installed
Result: ERROR
    Installation failed.
Flavor: r-devel-windows-x86_64-gcc10-UCRT