CRAN Package Check Results for Package geomapdata

Last updated on 2021-12-02 09:55:09 CET.

Flavor Version Tinstall Tcheck Ttotal Status Flags
r-devel-linux-x86_64-debian-clang 1.0-4 3.30 36.78 40.08 NOTE
r-devel-linux-x86_64-debian-gcc 1.0-4 2.69 30.33 33.02 NOTE
r-devel-linux-x86_64-fedora-clang 1.0-4 58.10 NOTE
r-devel-linux-x86_64-fedora-gcc 1.0-4 47.39 NOTE
r-devel-windows-x86_64-new-UL 1.0-4 10.00 83.00 93.00 NOTE
r-devel-windows-x86_64-new-TK 1.0-4 NOTE
r-devel-windows-x86_64-old 1.0-4 6.00 43.00 49.00 NOTE
r-patched-linux-x86_64 1.0-4 3.04 35.90 38.94 NOTE
r-patched-solaris-x86 1.0-4 76.60 NOTE
r-release-linux-x86_64 1.0-4 3.14 35.82 38.96 NOTE
r-release-macos-arm64 1.0-4 NOTE
r-release-macos-x86_64 1.0-4 NOTE
r-release-windows-ix86+x86_64 1.0-4 7.00 59.00 66.00 NOTE
r-oldrel-macos-x86_64 1.0-4 NOTE
r-oldrel-windows-ix86+x86_64 1.0-4 30.00 57.00 87.00 NOTE

Check Details

Version: 1.0-4
Check: DESCRIPTION meta-information
Result: NOTE
    Malformed Description field: should contain one or more complete sentences.
Flavors: r-devel-linux-x86_64-debian-clang, r-devel-linux-x86_64-debian-gcc, r-devel-linux-x86_64-fedora-clang, r-devel-linux-x86_64-fedora-gcc, r-devel-windows-x86_64-new-UL, r-devel-windows-x86_64-new-TK, r-devel-windows-x86_64-old, r-patched-linux-x86_64, r-patched-solaris-x86, r-release-linux-x86_64, r-release-macos-arm64, r-release-macos-x86_64, r-release-windows-ix86+x86_64, r-oldrel-macos-x86_64, r-oldrel-windows-ix86+x86_64

Version: 1.0-4
Check: Rd line widths
Result: NOTE
    Rd file 'fujitopo.Rd':
     \examples lines wider than 100 characters:
     PLOC=list(LON=range(fujitopo$lon), x=range(fujitopo$lon), LAT=range(fujitopo$lat), y=range(fujitopo$lat))
    
    These lines will be truncated in the PDF manual.
Flavors: r-devel-linux-x86_64-debian-clang, r-devel-linux-x86_64-debian-gcc, r-devel-linux-x86_64-fedora-clang, r-devel-linux-x86_64-fedora-gcc, r-patched-linux-x86_64, r-release-linux-x86_64

Version: 1.0-4
Check: installed package size
Result: NOTE
     installed size is 26.1Mb
     sub-directories of 1Mb or more:
     data 26.0Mb
Flavors: r-devel-linux-x86_64-fedora-clang, r-devel-windows-x86_64-new-UL, r-devel-windows-x86_64-old, r-patched-solaris-x86, r-release-macos-arm64, r-release-macos-x86_64, r-release-windows-ix86+x86_64, r-oldrel-macos-x86_64, r-oldrel-windows-ix86+x86_64