CRAN Package Check Results for Package gepaf

Last updated on 2021-12-02 09:55:09 CET.

Flavor Version Tinstall Tcheck Ttotal Status Flags
r-devel-linux-x86_64-debian-clang 0.1.1 1.41 18.65 20.06 NOTE
r-devel-linux-x86_64-debian-gcc 0.1.1 1.33 15.04 16.37 NOTE
r-devel-linux-x86_64-fedora-clang 0.1.1 36.37 NOTE
r-devel-linux-x86_64-fedora-gcc 0.1.1 25.83 NOTE
r-devel-windows-x86_64-new-UL 0.1.1 6.00 49.00 55.00 NOTE
r-devel-windows-x86_64-new-TK 0.1.1 NOTE
r-devel-windows-x86_64-old 0.1.1 4.00 28.00 32.00 NOTE
r-patched-linux-x86_64 0.1.1 1.87 18.16 20.03 NOTE
r-patched-solaris-x86 0.1.1 40.20 NOTE
r-release-linux-x86_64 0.1.1 1.93 18.23 20.16 NOTE
r-release-macos-arm64 0.1.1 NOTE
r-release-macos-x86_64 0.1.1 NOTE
r-release-windows-ix86+x86_64 0.1.1 4.00 26.00 30.00 NOTE
r-oldrel-macos-x86_64 0.1.1 OK
r-oldrel-windows-ix86+x86_64 0.1.1 4.00 25.00 29.00 OK

Check Details

Version: 0.1.1
Check: LazyData
Result: NOTE
     'LazyData' is specified without a 'data' directory
Flavors: r-devel-linux-x86_64-debian-clang, r-devel-linux-x86_64-debian-gcc, r-devel-linux-x86_64-fedora-clang, r-devel-linux-x86_64-fedora-gcc, r-devel-windows-x86_64-new-UL, r-devel-windows-x86_64-new-TK, r-devel-windows-x86_64-old, r-patched-linux-x86_64, r-patched-solaris-x86, r-release-linux-x86_64, r-release-macos-arm64, r-release-macos-x86_64, r-release-windows-ix86+x86_64