CRAN Package Check Results for Package gesisdata

Last updated on 2021-11-30 06:49:25 CET.

Flavor Version Tinstall Tcheck Ttotal Status Flags
r-devel-linux-x86_64-debian-clang 0.1.0 7.00 62.59 69.59 NOTE
r-devel-linux-x86_64-debian-gcc 0.1.0 5.05 47.14 52.19 NOTE
r-devel-linux-x86_64-fedora-clang 0.1.0 95.29 NOTE
r-devel-linux-x86_64-fedora-gcc 0.1.0 81.25 NOTE
r-devel-windows-x86_64-new-UL 0.1.0 15.00 102.00 117.00 NOTE
r-devel-windows-x86_64-new-TK 0.1.0 NOTE
r-devel-windows-x86_64-old 0.1.0 12.00 67.00 79.00 NOTE
r-patched-linux-x86_64 0.1.0 4.15 57.70 61.85 NOTE
r-patched-solaris-x86 0.1.0 123.90 NOTE
r-release-linux-x86_64 0.1.0 7.54 58.05 65.59 NOTE
r-release-macos-arm64 0.1.0 NOTE
r-release-macos-x86_64 0.1.0 NOTE
r-release-windows-ix86+x86_64 0.1.0 22.00 81.00 103.00 NOTE
r-oldrel-macos-x86_64 0.1.0 OK
r-oldrel-windows-ix86+x86_64 0.1.0 14.00 59.00 73.00 OK

Check Details

Version: 0.1.0
Check: LazyData
Result: NOTE
     'LazyData' is specified without a 'data' directory
Flavors: r-devel-linux-x86_64-debian-clang, r-devel-linux-x86_64-debian-gcc, r-devel-linux-x86_64-fedora-clang, r-devel-linux-x86_64-fedora-gcc, r-devel-windows-x86_64-new-UL, r-devel-windows-x86_64-new-TK, r-devel-windows-x86_64-old, r-patched-linux-x86_64, r-patched-solaris-x86, r-release-linux-x86_64, r-release-macos-arm64, r-release-macos-x86_64, r-release-windows-ix86+x86_64