CRAN Package Check Results for Package gesso

Last updated on 2021-09-19 04:53:02 CEST.

Flavor Version Tinstall Tcheck Ttotal Status Flags
r-devel-linux-x86_64-debian-clang 1.0.1 165.40 192.10 357.50 OK
r-devel-linux-x86_64-debian-gcc 1.0.1 130.32 153.65 283.97 OK
r-devel-linux-x86_64-fedora-clang 1.0.1 480.64 NOTE
r-devel-linux-x86_64-fedora-gcc 1.0.1 481.61 OK
r-devel-windows-x86_64 1.0.1 132.00 200.00 332.00 OK
r-devel-windows-x86_64-gcc10-UCRT 1.0.1 ERROR
r-patched-linux-x86_64 1.0.1 148.18 191.31 339.49 OK
r-patched-solaris-x86 1.0.1 528.50 OK
r-release-linux-x86_64 1.0.1 151.50 188.67 340.17 OK
r-release-macos-arm64 1.0.1 WARN
r-release-macos-x86_64 1.0.1 NOTE
r-release-windows-ix86+x86_64 1.0.1 338.00 205.00 543.00 OK
r-oldrel-macos-x86_64 1.0.1 NOTE
r-oldrel-windows-ix86+x86_64 1.0.1 338.00 238.00 576.00 OK

Additional issues

M1mac

Check Details

Version: 1.0.1
Check: installed package size
Result: NOTE
     installed size is 33.5Mb
     sub-directories of 1Mb or more:
     libs 33.2Mb
Flavors: r-devel-linux-x86_64-fedora-clang, r-release-macos-arm64, r-release-macos-x86_64, r-oldrel-macos-x86_64

Version: 1.0.1
Check: whether package can be installed
Result: ERROR
    Installation failed.
Flavor: r-devel-windows-x86_64-gcc10-UCRT

Version: 1.0.1
Check: re-building of vignette outputs
Result: WARN
    Error(s) in re-building vignettes:
    --- re-building ‘vignette.Rmd’ using rmarkdown
    Pandoc is required to build R Markdown vignettes but not available. Please make sure it is installed.
    Loading required package: dplyr
    
    Attaching package: 'dplyr'
    
    The following objects are masked from 'package:stats':
    
     filter, lag
    
    The following objects are masked from 'package:base':
    
     intersect, setdiff, setequal, union
    
    Loading required package: Matrix
    Loaded glmnet 4.1-2
    Quitting from lines 277-294 (vignette.Rmd)
    Error: processing vignette 'vignette.Rmd' failed with diagnostics:
    'from' must be a finite number
    --- failed re-building ‘vignette.Rmd’
    
    SUMMARY: processing the following file failed:
     ‘vignette.Rmd’
    
    Error: Vignette re-building failed.
    Execution halted
Flavor: r-release-macos-arm64