CRAN Package Check Results for Package gethr

Last updated on 2021-10-17 10:49:15 CEST.

Flavor Version Tinstall Tcheck Ttotal Status Flags
r-devel-linux-x86_64-debian-clang 0.1.0 5.22 43.62 48.84 NOTE
r-devel-linux-x86_64-debian-gcc 0.1.0 3.73 34.30 38.03 NOTE
r-devel-linux-x86_64-fedora-clang 0.1.0 70.30 NOTE
r-devel-linux-x86_64-fedora-gcc 0.1.0 59.67 NOTE
r-devel-windows-x86_64 0.1.0 9.00 86.00 95.00 NOTE
r-devel-windows-x86_64-gcc10-UCRT 0.1.0 NOTE
r-patched-linux-x86_64 0.1.0 10.08 42.49 52.57 NOTE
r-patched-solaris-x86 0.1.0 86.70 NOTE
r-release-linux-x86_64 0.1.0 4.41 42.43 46.84 NOTE
r-release-macos-arm64 0.1.0 NOTE
r-release-macos-x86_64 0.1.0 NOTE
r-release-windows-ix86+x86_64 0.1.0 7.00 80.00 87.00 NOTE
r-oldrel-macos-x86_64 0.1.0 OK
r-oldrel-windows-ix86+x86_64 0.1.0 9.00 79.00 88.00 OK

Check Details

Version: 0.1.0
Check: LazyData
Result: NOTE
     'LazyData' is specified without a 'data' directory
Flavors: r-devel-linux-x86_64-debian-clang, r-devel-linux-x86_64-debian-gcc, r-devel-linux-x86_64-fedora-clang, r-devel-linux-x86_64-fedora-gcc, r-devel-windows-x86_64, r-devel-windows-x86_64-gcc10-UCRT, r-patched-linux-x86_64, r-patched-solaris-x86, r-release-linux-x86_64, r-release-macos-arm64, r-release-macos-x86_64, r-release-windows-ix86+x86_64