CRAN Package Check Results for Package gfilogisreg

Last updated on 2021-09-22 13:52:43 CEST.

Flavor Version Tinstall Tcheck Ttotal Status Flags
r-devel-linux-x86_64-debian-clang 1.0.1 54.41 95.15 149.56 NOTE
r-devel-linux-x86_64-debian-gcc 1.0.1 33.39 73.14 106.53 NOTE
r-devel-linux-x86_64-fedora-clang 1.0.1 191.03 NOTE
r-devel-linux-x86_64-fedora-gcc 1.0.1 173.45 NOTE
r-devel-windows-x86_64 1.0.1 43.00 98.00 141.00 NOTE
r-devel-windows-x86_64-gcc10-UCRT 1.0.1 ERROR
r-patched-linux-x86_64 1.0.1 32.12 91.65 123.77 NOTE
r-patched-solaris-x86 1.0.1 216.80 NOTE
r-release-linux-x86_64 1.0.1 43.27 91.04 134.31 NOTE
r-release-macos-arm64 1.0.1 NOTE
r-release-macos-x86_64 1.0.1 NOTE
r-release-windows-ix86+x86_64 1.0.1 111.00 128.00 239.00 NOTE
r-oldrel-macos-x86_64 1.0.1 OK
r-oldrel-windows-ix86+x86_64 1.0.1 83.00 129.00 212.00 OK

Check Details

Version: 1.0.1
Check: LazyData
Result: NOTE
     'LazyData' is specified without a 'data' directory
Flavors: r-devel-linux-x86_64-debian-clang, r-devel-linux-x86_64-debian-gcc, r-devel-linux-x86_64-fedora-clang, r-devel-linux-x86_64-fedora-gcc, r-devel-windows-x86_64, r-patched-linux-x86_64, r-patched-solaris-x86, r-release-linux-x86_64, r-release-macos-arm64, r-release-macos-x86_64, r-release-windows-ix86+x86_64

Version: 1.0.1
Check: whether package can be installed
Result: ERROR
    Installation failed.
Flavor: r-devel-windows-x86_64-gcc10-UCRT