CRAN Package Check Results for Package gfoRmula

Last updated on 2021-09-23 13:54:45 CEST.

Flavor Version Tinstall Tcheck Ttotal Status Flags
r-devel-linux-x86_64-debian-clang 0.3.2 11.18 77.83 89.01 OK
r-devel-linux-x86_64-debian-gcc 0.3.2 8.11 57.28 65.39 OK
r-devel-linux-x86_64-fedora-clang 0.3.2 113.39 OK
r-devel-linux-x86_64-fedora-gcc 0.3.2 99.71 OK
r-devel-windows-x86_64 0.3.2 14.00 69.00 83.00 OK
r-devel-windows-x86_64-gcc10-UCRT 0.3.2 ERROR
r-patched-linux-x86_64 0.3.2 11.73 73.67 85.40 OK
r-patched-solaris-x86 0.3.2 135.20 OK
r-release-linux-x86_64 0.3.2 11.04 73.29 84.33 OK
r-release-macos-arm64 0.3.2 OK
r-release-macos-x86_64 0.3.2 OK
r-release-windows-ix86+x86_64 0.3.2 24.00 69.00 93.00 OK
r-oldrel-macos-x86_64 0.3.2 OK
r-oldrel-windows-ix86+x86_64 0.3.2 15.00 69.00 84.00 OK

Check Details

Version: 0.3.2
Check: package dependencies
Result: NOTE
    Package suggested but not available for checking: 'Hmisc'
Flavor: r-devel-windows-x86_64-gcc10-UCRT

Version: 0.3.2
Check: PDF version of manual
Result: WARN
    LaTeX errors when creating PDF version.
    This typically indicates Rd problems.
Flavor: r-devel-windows-x86_64-gcc10-UCRT

Version: 0.3.2
Check: PDF version of manual without hyperrefs or index
Result: ERROR
    Re-running with no redirection of stdout/stderr.
Flavor: r-devel-windows-x86_64-gcc10-UCRT