CRAN Package Check Results for Package ggarchery

Last updated on 2024-07-13 04:48:37 CEST.

Flavor Version Tinstall Tcheck Ttotal Status Flags
r-devel-linux-x86_64-debian-clang 0.4.3 7.67 49.81 57.48 OK
r-devel-linux-x86_64-debian-gcc 0.4.3 5.29 38.51 43.80 OK
r-devel-linux-x86_64-fedora-clang 0.4.3 73.64 OK
r-devel-linux-x86_64-fedora-gcc 0.4.3 65.84 OK
r-devel-windows-x86_64 0.4.3 7.00 57.00 64.00 NOTE
r-patched-linux-x86_64 0.4.3 11.92 48.03 59.95 OK
r-release-linux-x86_64 0.4.3 4.52 47.22 51.74 OK
r-release-macos-arm64 0.4.3 24.00 OK
r-release-macos-x86_64 0.4.3 43.00 OK
r-release-windows-x86_64 0.4.3 8.00 58.00 66.00 OK
r-oldrel-macos-arm64 0.4.3 30.00 OK
r-oldrel-macos-x86_64 0.4.3 57.00 OK
r-oldrel-windows-x86_64 0.4.3 8.00 64.00 72.00 OK

Check Details

Version: 0.4.3
Check: Rd cross-references
Result: NOTE Found the following Rd file(s) with Rd \link{} targets missing package anchors: geom_arrowsegment.Rd: geom_segment Please provide package anchors for all Rd \link{} targets not in the package itself and the base packages. Flavor: r-devel-windows-x86_64