Last updated on 2023-12-03 09:54:02 CET.
Flavor | Version | Tinstall | Tcheck | Ttotal | Status | Flags |
---|---|---|---|---|---|---|
r-devel-linux-x86_64-debian-clang | 0.8.1 | 192.75 | 173.01 | 365.76 | OK | |
r-devel-linux-x86_64-debian-gcc | 0.8.1 | 116.87 | 131.02 | 247.89 | OK | |
r-devel-linux-x86_64-fedora-clang | 0.8.1 | 558.93 | NOTE | |||
r-devel-linux-x86_64-fedora-gcc | 0.8.1 | 550.73 | OK | |||
r-devel-windows-x86_64 | 0.8.1 | 141.00 | 169.00 | 310.00 | NOTE | |
r-patched-linux-x86_64 | 0.8.1 | 117.11 | 165.58 | 282.69 | OK | |
r-release-linux-x86_64 | 0.8.1 | 111.87 | 167.09 | 278.96 | OK | |
r-release-macos-arm64 | 0.8.1 | 120.00 | NOTE | |||
r-release-macos-x86_64 | 0.8.1 | 220.00 | NOTE | |||
r-release-windows-x86_64 | 0.8.1 | 185.00 | 201.00 | 386.00 | NOTE | |
r-oldrel-macos-arm64 | 0.8.1 | 88.00 | NOTE | |||
r-oldrel-macos-x86_64 | 0.8.1 | 150.00 | NOTE | |||
r-oldrel-windows-x86_64 | 0.8.1 | 179.00 | 193.00 | 372.00 | NOTE |
Version: 0.8.1
Check: installed package size
Result: NOTE
installed size is 5.5Mb
sub-directories of 1Mb or more:
doc 3.0Mb
extdata 1.6Mb
Flavors: r-devel-linux-x86_64-fedora-clang, r-devel-windows-x86_64, r-release-macos-arm64, r-release-macos-x86_64, r-release-windows-x86_64, r-oldrel-macos-arm64, r-oldrel-macos-x86_64, r-oldrel-windows-x86_64