CRAN Package Check Results for Package ggbrick

Last updated on 2024-07-15 10:49:41 CEST.

Flavor Version Tinstall Tcheck Ttotal Status Flags
r-devel-linux-x86_64-debian-clang 0.3.0 6.10 51.47 57.57 OK
r-devel-linux-x86_64-debian-gcc 0.3.0 4.61 39.54 44.15 OK
r-devel-linux-x86_64-fedora-clang 0.3.0 74.93 OK
r-devel-linux-x86_64-fedora-gcc 0.3.0 67.83 OK
r-devel-windows-x86_64 0.3.0 7.00 59.00 66.00 NOTE
r-patched-linux-x86_64 0.3.0 8.56 48.49 57.05 OK
r-release-linux-x86_64 0.3.0 4.97 49.19 54.16 OK
r-release-macos-arm64 0.3.0 24.00 OK
r-release-macos-x86_64 0.3.0 35.00 OK
r-release-windows-x86_64 0.3.0 7.00 59.00 66.00 OK
r-oldrel-macos-arm64 0.3.0 29.00 OK
r-oldrel-macos-x86_64 0.3.0 42.00 OK
r-oldrel-windows-x86_64 0.3.0 8.00 66.00 74.00 OK

Check Details

Version: 0.3.0
Check: Rd cross-references
Result: NOTE Found the following Rd file(s) with Rd \link{} targets missing package anchors: brick.Rd: aes, ggplot, fortify, borders waffle.Rd: aes, ggplot, fortify, borders Please provide package anchors for all Rd \link{} targets not in the package itself and the base packages. Flavor: r-devel-windows-x86_64