CRAN Package Check Results for Package ggnormalviolin

Last updated on 2024-07-19 04:56:38 CEST.

Flavor Version Tinstall Tcheck Ttotal Status Flags
r-devel-linux-x86_64-debian-clang 0.1.2 4.76 33.36 38.12 NOTE
r-devel-linux-x86_64-debian-gcc 0.1.2 3.31 24.77 28.08 NOTE
r-devel-linux-x86_64-fedora-clang 0.1.2 48.09 NOTE
r-devel-linux-x86_64-fedora-gcc 0.1.2 44.65 NOTE
r-devel-windows-x86_64 0.1.2 5.00 44.00 49.00 NOTE
r-patched-linux-x86_64 0.1.2 7.44 31.81 39.25 NOTE
r-release-linux-x86_64 0.1.2 3.80 31.36 35.16 NOTE
r-release-macos-arm64 0.1.2 18.00 NOTE
r-release-macos-x86_64 0.1.2 26.00 NOTE
r-release-windows-x86_64 0.1.2 5.00 44.00 49.00 NOTE
r-oldrel-macos-arm64 0.1.2 20.00 NOTE
r-oldrel-macos-x86_64 0.1.2 26.00 NOTE
r-oldrel-windows-x86_64 0.1.2 6.00 48.00 54.00 NOTE

Check Details

Version: 0.1.2
Check: LazyData
Result: NOTE 'LazyData' is specified without a 'data' directory Flavors: r-devel-linux-x86_64-debian-clang, r-devel-linux-x86_64-debian-gcc, r-devel-linux-x86_64-fedora-clang, r-devel-linux-x86_64-fedora-gcc, r-devel-windows-x86_64, r-patched-linux-x86_64, r-release-linux-x86_64, r-release-macos-arm64, r-release-macos-x86_64, r-release-windows-x86_64, r-oldrel-macos-arm64, r-oldrel-macos-x86_64, r-oldrel-windows-x86_64

Version: 0.1.2
Check: dependencies in R code
Result: NOTE Namespaces in Imports field not imported from: ‘dplyr’ ‘grid’ ‘scales’ All declared Imports should be used. Flavors: r-devel-linux-x86_64-fedora-clang, r-devel-linux-x86_64-fedora-gcc

Version: 0.1.2
Check: Rd cross-references
Result: NOTE Found the following Rd file(s) with Rd \link{} targets missing package anchors: geom_normalviolin.Rd: aes, aes_, ggplot, fortify, borders, layer Please provide package anchors for all Rd \link{} targets not in the package itself and the base packages. Flavor: r-devel-windows-x86_64