CRAN Package Check Results for Package ggplot.multistats

Last updated on 2021-12-02 15:52:40 CET.

Flavor Version Tinstall Tcheck Ttotal Status Flags
r-devel-linux-x86_64-debian-clang 1.0.0 4.20 49.24 53.44 NOTE
r-devel-linux-x86_64-debian-gcc 1.0.0 3.60 36.63 40.23 NOTE
r-devel-linux-x86_64-fedora-clang 1.0.0 75.07 NOTE
r-devel-linux-x86_64-fedora-gcc 1.0.0 61.09 NOTE
r-devel-windows-x86_64-new-UL 1.0.0 12.00 90.00 102.00 NOTE
r-devel-windows-x86_64-new-TK 1.0.0 NOTE
r-devel-windows-x86_64-old 1.0.0 9.00 54.00 63.00 NOTE
r-patched-linux-x86_64 1.0.0 7.29 45.04 52.33 NOTE
r-patched-solaris-x86 1.0.0 87.40 NOTE
r-release-linux-x86_64 1.0.0 3.73 45.43 49.16 NOTE
r-release-macos-arm64 1.0.0 NOTE
r-release-macos-x86_64 1.0.0 NOTE
r-release-windows-ix86+x86_64 1.0.0 13.00 67.00 80.00 NOTE
r-oldrel-macos-x86_64 1.0.0 OK
r-oldrel-windows-ix86+x86_64 1.0.0 13.00 67.00 80.00 OK

Check Details

Version: 1.0.0
Check: LazyData
Result: NOTE
     'LazyData' is specified without a 'data' directory
Flavors: r-devel-linux-x86_64-debian-clang, r-devel-linux-x86_64-debian-gcc, r-devel-linux-x86_64-fedora-clang, r-devel-linux-x86_64-fedora-gcc, r-devel-windows-x86_64-new-UL, r-devel-windows-x86_64-new-TK, r-devel-windows-x86_64-old, r-patched-linux-x86_64, r-patched-solaris-x86, r-release-linux-x86_64, r-release-macos-arm64, r-release-macos-x86_64, r-release-windows-ix86+x86_64