CRAN Package Check Results for Package ggplotAssist

Last updated on 2024-04-21 22:51:29 CEST.

Flavor Version Tinstall Tcheck Ttotal Status Flags
r-devel-linux-x86_64-debian-clang 0.1.3 8.54 75.88 84.42 NOTE
r-devel-linux-x86_64-debian-gcc 0.1.3 8.61 57.70 66.31 NOTE
r-devel-linux-x86_64-fedora-clang 0.1.3 116.79 NOTE
r-devel-linux-x86_64-fedora-gcc 0.1.3 123.06 NOTE
r-prerel-macos-arm64 0.1.3 37.00 NOTE
r-prerel-windows-x86_64 0.1.3 11.00 75.00 86.00 NOTE
r-patched-linux-x86_64 0.1.3 6.14 73.36 79.50 NOTE
r-release-linux-x86_64 0.1.3 6.14 70.05 76.19 NOTE
r-release-macos-arm64 0.1.3 42.00 NOTE
r-release-macos-x86_64 0.1.3 75.00 NOTE
r-release-windows-x86_64 0.1.3 13.00 84.00 97.00 NOTE
r-oldrel-macos-arm64 0.1.3 36.00 NOTE
r-oldrel-windows-x86_64 0.1.3 15.00 94.00 109.00 NOTE

Check Details

Version: 0.1.3
Check: LazyData
Result: NOTE 'LazyData' is specified without a 'data' directory Flavors: r-devel-linux-x86_64-debian-clang, r-devel-linux-x86_64-debian-gcc, r-devel-linux-x86_64-fedora-clang, r-devel-linux-x86_64-fedora-gcc, r-prerel-macos-arm64, r-prerel-windows-x86_64, r-patched-linux-x86_64, r-release-linux-x86_64, r-release-macos-arm64, r-release-macos-x86_64, r-release-windows-x86_64, r-oldrel-macos-arm64, r-oldrel-windows-x86_64

Version: 0.1.3
Check: dependencies in R code
Result: NOTE Namespaces in Imports field not imported from: ‘gcookbook’ ‘ggthemes’ ‘moonBook’ ‘tidyverse’ All declared Imports should be used. Flavors: r-devel-linux-x86_64-fedora-clang, r-devel-linux-x86_64-fedora-gcc, r-oldrel-macos-arm64