Last updated on 2023-04-01 16:50:11 CEST.
Flavor | Version | Tinstall | Tcheck | Ttotal | Status | Flags |
---|---|---|---|---|---|---|
r-devel-linux-x86_64-debian-clang | 0.1.0 | 5.40 | 56.11 | 61.51 | NOTE | |
r-devel-linux-x86_64-debian-gcc | 0.1.0 | 3.87 | 42.42 | 46.29 | NOTE | |
r-devel-linux-x86_64-fedora-clang | 0.1.0 | 75.82 | NOTE | |||
r-devel-linux-x86_64-fedora-gcc | 0.1.0 | 86.26 | NOTE | |||
r-devel-windows-x86_64 | 0.1.0 | 10.00 | 84.00 | 94.00 | NOTE | |
r-patched-linux-x86_64 | 0.1.0 | 3.91 | 53.32 | 57.23 | NOTE | |
r-release-linux-x86_64 | 0.1.0 | 5.15 | 55.96 | 61.11 | OK | |
r-release-macos-arm64 | 0.1.0 | 27.00 | OK | |||
r-release-macos-x86_64 | 0.1.0 | 41.00 | OK | |||
r-release-windows-x86_64 | 0.1.0 | 19.00 | 87.00 | 106.00 | OK | |
r-oldrel-macos-arm64 | 0.1.0 | 47.00 | OK | |||
r-oldrel-macos-x86_64 | 0.1.0 | 37.00 | OK | |||
r-oldrel-windows-ix86+x86_64 | 0.1.0 | 14.00 | 83.00 | 97.00 | OK |
Version: 0.1.0
Check: package subdirectories
Result: NOTE
Problems with news in ‘NEWS.md’:
Cannot extract version info from the following section titles:
History
Flavors: r-devel-linux-x86_64-debian-clang, r-devel-linux-x86_64-debian-gcc, r-devel-linux-x86_64-fedora-clang, r-devel-linux-x86_64-fedora-gcc, r-devel-windows-x86_64, r-patched-linux-x86_64