CRAN Package Check Results for Package ggpolypath

Last updated on 2021-08-01 10:51:14 CEST.

Flavor Version Tinstall Tcheck Ttotal Status Flags
r-devel-linux-x86_64-debian-clang 0.1.0 4.15 51.61 55.76 OK
r-devel-linux-x86_64-debian-gcc 0.1.0 3.42 39.74 43.16 OK
r-devel-linux-x86_64-fedora-clang 0.1.0 74.54 OK
r-devel-linux-x86_64-fedora-gcc 0.1.0 62.34 OK
r-devel-windows-x86_64 0.1.0 7.00 72.00 79.00 OK
r-devel-windows-x86_64-gcc10-UCRT 0.1.0 OK
r-patched-linux-x86_64 0.1.0 OK
r-patched-solaris-x86 0.1.0 88.60 OK
r-release-linux-x86_64 0.1.0 3.86 47.20 51.06 OK
r-release-macos-arm64 0.1.0 WARN
r-release-macos-x86_64 0.1.0 OK
r-release-windows-ix86+x86_64 0.1.0 12.00 70.00 82.00 OK
r-oldrel-macos-x86_64 0.1.0 OK
r-oldrel-windows-ix86+x86_64 0.1.0 10.00 68.00 78.00 OK

Check Details

Version: 0.1.0
Check: re-building of vignette outputs
Result: WARN
    Error(s) in re-building vignettes:
     ...
    --- re-building ‘ggpolypath.Rmd’ using rmarkdown
    Warning in engine$weave(file, quiet = quiet, encoding = enc) :
     Pandoc (>= 1.12.3) not available. Falling back to R Markdown v1.
    Quitting from lines 16-21 (ggpolypath.Rmd)
    Error: processing vignette 'ggpolypath.Rmd' failed with diagnostics:
    polygon edge not found
    --- failed re-building ‘ggpolypath.Rmd’
    
    SUMMARY: processing the following file failed:
     ‘ggpolypath.Rmd’
    
    Error: Vignette re-building failed.
    Execution halted
Flavor: r-release-macos-arm64