CRAN Package Check Results for Package ggseg3d

Last updated on 2021-09-26 04:50:32 CEST.

Flavor Version Tinstall Tcheck Ttotal Status Flags
r-devel-linux-x86_64-debian-clang 1.6.3 17.32 85.30 102.62 OK
r-devel-linux-x86_64-debian-gcc 1.6.3 15.42 65.81 81.23 OK
r-devel-linux-x86_64-fedora-clang 1.6.3 132.22 NOTE
r-devel-linux-x86_64-fedora-gcc 1.6.3 119.19 NOTE
r-devel-windows-x86_64 1.6.3 18.00 80.00 98.00 OK
r-devel-windows-x86_64-gcc10-UCRT 1.6.3 NOTE
r-patched-linux-x86_64 1.6.3 14.47 79.81 94.28 OK
r-patched-solaris-x86 1.6.3 183.40 NOTE
r-release-linux-x86_64 1.6.3 18.45 79.68 98.13 OK
r-release-macos-arm64 1.6.3 NOTE
r-release-macos-x86_64 1.6.3 NOTE
r-release-windows-ix86+x86_64 1.6.3 30.00 81.00 111.00 OK
r-oldrel-macos-x86_64 1.6.3 NOTE
r-oldrel-windows-ix86+x86_64 1.6.3 23.00 81.00 104.00 OK

Check Details

Version: 1.6.3
Check: dependencies in R code
Result: NOTE
    Namespaces in Imports field not imported from:
     ‘magrittr’ ‘utils’
     All declared Imports should be used.
Flavors: r-devel-linux-x86_64-fedora-clang, r-devel-linux-x86_64-fedora-gcc, r-devel-windows-x86_64-gcc10-UCRT, r-patched-solaris-x86, r-release-macos-arm64, r-release-macos-x86_64, r-oldrel-macos-x86_64