CRAN Package Check Results for Package ggsom

Last updated on 2021-09-22 13:52:43 CEST.

Flavor Version Tinstall Tcheck Ttotal Status Flags
r-devel-linux-x86_64-debian-clang 0.4.0 5.18 51.95 57.13 NOTE
r-devel-linux-x86_64-debian-gcc 0.4.0 4.15 40.94 45.09 NOTE
r-devel-linux-x86_64-fedora-clang 0.4.0 77.52 NOTE
r-devel-linux-x86_64-fedora-gcc 0.4.0 63.81 NOTE
r-devel-windows-x86_64 0.4.0 6.00 54.00 60.00 NOTE
r-devel-windows-x86_64-gcc10-UCRT 0.4.0 ERROR
r-patched-linux-x86_64 0.4.0 5.07 48.27 53.34 NOTE
r-patched-solaris-x86 0.4.0 93.00 NOTE
r-release-linux-x86_64 0.4.0 3.95 47.75 51.70 NOTE
r-release-macos-arm64 0.4.0 NOTE
r-release-macos-x86_64 0.4.0 NOTE
r-release-windows-ix86+x86_64 0.4.0 14.00 55.00 69.00 NOTE
r-oldrel-macos-x86_64 0.4.0 OK
r-oldrel-windows-ix86+x86_64 0.4.0 12.00 52.00 64.00 OK

Check Details

Version: 0.4.0
Check: LazyData
Result: NOTE
     'LazyData' is specified without a 'data' directory
Flavors: r-devel-linux-x86_64-debian-clang, r-devel-linux-x86_64-debian-gcc, r-devel-linux-x86_64-fedora-clang, r-devel-linux-x86_64-fedora-gcc, r-devel-windows-x86_64, r-devel-windows-x86_64-gcc10-UCRT, r-patched-linux-x86_64, r-patched-solaris-x86, r-release-linux-x86_64, r-release-macos-arm64, r-release-macos-x86_64, r-release-windows-ix86+x86_64

Version: 0.4.0
Check: package dependencies
Result: NOTE
    Package suggested but not available for checking: 'devtools'
Flavor: r-devel-windows-x86_64-gcc10-UCRT

Version: 0.4.0
Check: PDF version of manual
Result: WARN
    LaTeX errors when creating PDF version.
    This typically indicates Rd problems.
Flavor: r-devel-windows-x86_64-gcc10-UCRT

Version: 0.4.0
Check: PDF version of manual without hyperrefs or index
Result: ERROR
    Re-running with no redirection of stdout/stderr.
Flavor: r-devel-windows-x86_64-gcc10-UCRT