CRAN Package Check Results for Package ggtext

Last updated on 2021-10-19 13:53:23 CEST.

Flavor Version Tinstall Tcheck Ttotal Status Flags
r-devel-linux-x86_64-debian-clang 0.1.1 5.10 73.63 78.73 NOTE
r-devel-linux-x86_64-debian-gcc 0.1.1 4.26 55.10 59.36 NOTE
r-devel-linux-x86_64-fedora-clang 0.1.1 101.60 NOTE
r-devel-linux-x86_64-fedora-gcc 0.1.1 88.54 NOTE
r-devel-windows-x86_64 0.1.1 10.00 102.00 112.00 NOTE
r-devel-windows-x86_64-gcc10-UCRT 0.1.1 NOTE
r-patched-linux-x86_64 0.1.1 5.08 70.52 75.60 NOTE
r-patched-solaris-x86 0.1.1 129.10 NOTE
r-release-linux-x86_64 0.1.1 4.62 70.72 75.34 NOTE
r-release-macos-arm64 0.1.1 NOTE
r-release-macos-x86_64 0.1.1 NOTE
r-release-windows-ix86+x86_64 0.1.1 11.00 95.00 106.00 NOTE
r-oldrel-macos-x86_64 0.1.1 OK
r-oldrel-windows-ix86+x86_64 0.1.1 15.00 102.00 117.00 OK

Check Details

Version: 0.1.1
Check: LazyData
Result: NOTE
     'LazyData' is specified without a 'data' directory
Flavors: r-devel-linux-x86_64-debian-clang, r-devel-linux-x86_64-debian-gcc, r-devel-linux-x86_64-fedora-clang, r-devel-linux-x86_64-fedora-gcc, r-devel-windows-x86_64, r-devel-windows-x86_64-gcc10-UCRT, r-patched-linux-x86_64, r-patched-solaris-x86, r-release-linux-x86_64, r-release-macos-arm64, r-release-macos-x86_64, r-release-windows-ix86+x86_64