CRAN Package Check Results for Package ggthemes

Last updated on 2021-09-24 07:49:18 CEST.

Flavor Version Tinstall Tcheck Ttotal Status Flags
r-devel-linux-x86_64-debian-clang 4.2.4 9.64 106.08 115.72 OK
r-devel-linux-x86_64-debian-gcc 4.2.4 7.89 76.88 84.77 OK
r-devel-linux-x86_64-fedora-clang 4.2.4 139.33 NOTE
r-devel-linux-x86_64-fedora-gcc 4.2.4 127.02 NOTE
r-devel-windows-x86_64 4.2.4 12.00 105.00 117.00 OK
r-devel-windows-x86_64-gcc10-UCRT 4.2.4 NOTE
r-patched-linux-x86_64 4.2.4 17.17 97.32 114.49 OK
r-patched-solaris-x86 4.2.4 170.60 NOTE
r-release-linux-x86_64 4.2.4 7.73 98.15 105.88 OK
r-release-macos-arm64 4.2.4 NOTE
r-release-macos-x86_64 4.2.4 NOTE
r-release-windows-ix86+x86_64 4.2.4 21.00 97.00 118.00 OK
r-oldrel-macos-x86_64 4.2.4 NOTE
r-oldrel-windows-ix86+x86_64 4.2.4 15.00 106.00 121.00 OK

Check Details

Version: 4.2.4
Check: data for non-ASCII characters
Result: NOTE
     Note: found 138 marked UTF-8 strings
Flavors: r-devel-linux-x86_64-fedora-clang, r-devel-linux-x86_64-fedora-gcc, r-devel-windows-x86_64-gcc10-UCRT, r-patched-solaris-x86, r-release-macos-arm64, r-release-macos-x86_64, r-oldrel-macos-x86_64