CRAN Package Check Results for Package ghcm

Last updated on 2021-11-28 03:54:08 CET.

Flavor Version Tinstall Tcheck Ttotal Status Flags
r-devel-linux-x86_64-debian-clang 2.0.0 OK
r-devel-linux-x86_64-debian-gcc 2.0.0 2.34 198.32 200.66 OK
r-devel-linux-x86_64-fedora-clang 2.0.0 349.69 NOTE
r-devel-linux-x86_64-fedora-gcc 2.0.0 325.27 NOTE
r-devel-windows-x86_64-new-UL 2.0.0 10.00 334.00 344.00 OK
r-devel-windows-x86_64-new-TK 2.0.0 NOTE
r-devel-windows-x86_64-old 2.0.0 6.00 340.00 346.00 OK
r-patched-linux-x86_64 2.0.0 3.01 260.52 263.53 OK
r-patched-solaris-x86 2.0.0 106.80 NOTE
r-release-linux-x86_64 2.0.0 OK
r-release-macos-arm64 2.0.0 NOTE
r-release-macos-x86_64 2.0.0 NOTE
r-release-windows-ix86+x86_64 2.0.0 8.00 254.00 262.00 OK
r-oldrel-macos-x86_64 2.0.0 NOTE
r-oldrel-windows-ix86+x86_64 2.0.0 7.00 328.00 335.00 OK

Check Details

Version: 2.0.0
Check: dependencies in R code
Result: NOTE
    Namespaces in Imports field not imported from:
     ‘MASS’ ‘graphics’ ‘refund’ ‘stats’ ‘utils’
     All declared Imports should be used.
Flavors: r-devel-linux-x86_64-fedora-clang, r-devel-linux-x86_64-fedora-gcc, r-devel-windows-x86_64-new-TK, r-patched-solaris-x86, r-release-macos-arm64, r-release-macos-x86_64, r-oldrel-macos-x86_64