CRAN Package Check Results for Package gif

Last updated on 2021-09-23 19:51:48 CEST.

Flavor Version Tinstall Tcheck Ttotal Status Flags
r-devel-linux-x86_64-debian-clang 0.1.0 43.90 68.78 112.68 OK
r-devel-linux-x86_64-debian-gcc 0.1.0 25.96 54.21 80.17 OK
r-devel-linux-x86_64-fedora-clang 0.1.0 147.34 NOTE
r-devel-linux-x86_64-fedora-gcc 0.1.0 131.77 OK
r-devel-windows-x86_64 0.1.0 33.00 82.00 115.00 OK
r-devel-windows-x86_64-gcc10-UCRT 0.1.0 OK
r-patched-linux-x86_64 0.1.0 29.96 67.45 97.41 OK
r-patched-solaris-x86 0.1.0 163.70 OK
r-release-linux-x86_64 0.1.0 30.49 67.23 97.72 OK
r-release-macos-arm64 0.1.0 NOTE
r-release-macos-x86_64 0.1.0 NOTE
r-release-windows-ix86+x86_64 0.1.0 85.00 100.00 185.00 OK
r-oldrel-macos-x86_64 0.1.0 NOTE
r-oldrel-windows-ix86+x86_64 0.1.0 61.00 105.00 166.00 OK

Check Details

Version: 0.1.0
Check: installed package size
Result: NOTE
     installed size is 5.5Mb
     sub-directories of 1Mb or more:
     doc 1.1Mb
     libs 4.1Mb
Flavors: r-devel-linux-x86_64-fedora-clang, r-release-macos-arm64, r-release-macos-x86_64, r-oldrel-macos-x86_64